{"id":409,"date":"2021-03-26T19:15:30","date_gmt":"2021-03-26T18:15:30","guid":{"rendered":"https:\/\/yoganest.vaniseo.pro\/index.php\/product\/bouteille-thermos-my-bottle\/"},"modified":"2024-03-06T15:36:59","modified_gmt":"2024-03-06T14:36:59","slug":"bouteille-thermos-my-bottle","status":"publish","type":"product","link":"https:\/\/yoganest.vaniseo.pro\/index.php\/product\/bouteille-thermos-my-bottle\/","title":{"rendered":"Bouteille-thermos | MY Bottle"},"content":{"rendered":"<p><span style=\"font-weight: 400;\">My Bottle de Moonchild est une bouteille isotherme. Elle s\u2019inspire des couleurs et des lumi\u00e8res naturelles de la nature et est orn\u00e9e des phases de la lune. Avec son toucher doux et sa finition mate, cette bouteille d&rsquo;eau est le compagnon r\u00e9utilisable id\u00e9al de tous les adeptes du yoga.<\/span><\/p>\n<p><span style=\"font-weight: 400;\">Les bouteilles sont dot\u00e9es d&rsquo;une double couche isolante, con\u00e7ue pour garder les boissons froides jusqu&rsquo;\u00e0 24 heures ou chaudes jusqu&rsquo;\u00e0 12 heures. La bouteille d&rsquo;eau de 500 ml \/ 17 oz est parfaite pour la salle de sport, le studio de yoga ou les d\u00e9placements.<\/span><\/p>\n<p><span style=\"font-weight: 400;\">L&rsquo;hydratation n&rsquo;a jamais eu aussi belle allure. Dites adieu aux bouteilles en plastique et choisissez la bouteille qui vous convient le mieux en fonction de votre style. Non seulement elles sont respectueuses de l&rsquo;environnement, mais ces contenants r\u00e9utilisables sont \u00e9galement fabriqu\u00e9s en acier inoxydable sans BPA. Elles sont donc aussi bonnes pour votre sant\u00e9.<\/span><\/p>\n<p><span style=\"font-weight: 400;\">Parfaites pour s&rsquo;hydrater pendant ses d\u00e9placements. Qu&rsquo;il pleuve ou que le soleil brille, My Bottle vous sera grandement utile.\u00a0<\/span><\/p>\n<p>[accordion title=\u00a0\u00bb\u00a0\u00bb open1st=\u00a0\u00bb0&Prime; openAll=\u00a0\u00bb0&Prime;][accordion_item title=\u00a0\u00bbEntretien\u00a0\u00bb]<span style=\"font-weight: 400;\">Lavage \u00e0 la main uniquement<\/span>[\/accordion_item][\/accordion][accordion title=\u00a0\u00bb\u00a0\u00bb open1st=\u00a0\u00bb0&Prime; openAll=\u00a0\u00bb0&Prime;][accordion_item title=\u00a0\u00bbTypes d&rsquo;activit\u00e9s\u00a0\u00bb]<span style=\"font-weight: 400;\">Pilates, Yin Yoga, Yoga Restauratif, Hatha Yoga, Flow Yoga, Yoga Nidra, M\u00e9ditation, Hot Yoga, Iyengar Yoga, Yoga a\u00e9rien, Acro yoga, Yoga pr\u00e9natal, Yoga en plein air, Yoga en voyage, Automassage Myofascial, Stretching, Workout, Gymnastique, Crossfit, Sports en ext\u00e9rieure (bootcamp, running, course \u00e0 pied, marche nordique, randonn\u00e9e, v\u00e9lo, grimpe,\u2026), Streetwear, Casualwear, Style relax et Cocooning \u00e0 la maison<\/span>[\/accordion_item][\/accordion]<span style=\"font-weight: 400;\">[accordion title=\u00a0\u00bb\u00a0\u00bb open1st=\u00a0\u00bb0&Prime; openAll=\u00a0\u00bb0&Prime;][accordion_item title=\u00a0\u00bbPourquoi on adore ce produit\u00a0\u00bb]<\/span><\/p>\n<p><span style=\"font-weight: 400;\">C\u2019est un accessoire tendance tr\u00e8s actuel et surtout tr\u00e8s utile. On fait toutes et tous attention aujourd\u2019hui \u00e0 la plan\u00e8te et on \u00e9vite les d\u00e9chets lorsqu\u2019on le peut. Cette bouteille est l\u2019un des petits gestes qui y contribue. En plus d\u2019\u00eatre respectueuse de l\u2019environnement, la bouteille est magnifique avec l\u2019ornement des phases de lune.\u00a0<\/span><\/p>\n<p><span style=\"font-weight: 400;\">Ce bel objet est \u00e0 avoir toujours dans votre sac pour boire r\u00e9guli\u00e8rement et la (faire) remplir de th\u00e9, caf\u00e9, citronade,&#8230; Elle garde le chaud ou le froid pendant toute une journ\u00e9e et ce n\u2019est pas n\u00e9gligeable. Une fois achet\u00e9e, vous ne pourrez plus vous en s\u00e9parer.<\/span>[\/accordion_item][\/accordion][accordion title=\u00a0\u00bb\u00a0\u00bb open1st=\u00a0\u00bb0&Prime; openAll=\u00a0\u00bb0&Prime; style=\u00a0\u00bb\u00a0\u00bb][accordion_item title=\u00a0\u00bbPaiement, livraison &amp; retours\u00a0\u00bb]Pour les informations sur les alternatives de paiement, de livraison et les retours, merci de cliquer <a class=\"linkcgv\" href=\"https:\/\/www.yoga-nest.com\/paiement-livraison-retours\/\" target=\"_blank\" rel=\"noopener\">ICI<\/a>.[\/accordion_item][\/accordion]<\/p>\n<p><span style=\"color: #b01da4;\"><b>La Marque<\/b><\/span><\/p>\n<p><b>Moonchild Yoga Wear &#8211; Une marque n\u00e9e au Danemark et soucieuse du monde<\/b><\/p>\n<p><span style=\"font-weight: 400;\">Cette marque familiale a \u00e9t\u00e9 fond\u00e9e au Danemark en 2015 par Louise Wang Nielsen. Les collections de v\u00eatements de yoga et de loungewear de Moonchild sont inspir\u00e9es des couleurs et des lumi\u00e8res de la nature scandinave m\u00e9lang\u00e9es \u00e0 un minimalisme magnifique et f\u00e9minin.<\/span><\/p>\n<p><a class=\"boutonmarque\" title=\"Moonchild\" href=\"http:\/\/yoga-nest.com\/moonchild\/\" target=\"_blank\" rel=\"noopener\">En savoir plus<\/a><\/p>\n","protected":false},"excerpt":{"rendered":"<p><span style=\"font-weight: 400;\">My Bottle de Moonchild, le choix durable pour vous hydrater en d\u00e9placement ou au studio. La bouteille r\u00e9utilisable conserve l&rsquo;eau froide jusqu&rsquo;\u00e0 24 heures et les boissons chaudes jusqu&rsquo;\u00e0 12 heures. Gr\u00e2ce \u00e0 son isolation \u00e0 double paroi en acier inoxydable (18\/8 de qualit\u00e9 alimentaire), vos boissons pr\u00e9f\u00e9r\u00e9es sont bien conserv\u00e9es o\u00f9 que vous alliez.<\/span><\/p>\n<p><span style=\"font-weight: 400;\">La bouteille Moonchild arbore le design phare de la marque : les phases lunaires que l\u2019on retrouve \u00e9galement sur les tapis et les v\u00eatements de yoga.\u00a0<\/span><\/p>\n<p><span style=\"font-weight: 400;\">R\u00e9utilisable, My Bottle est votre compagnon id\u00e9al pour r\u00e9duire le besoin de bouteilles d&rsquo;eau en plastique \u00e0 usage unique. C\u2019est un petit geste pour une consommation plus durable et prendre soin de l\u2019environnement et de la plan\u00e8te.<\/span><\/p>\n<p><span style=\"font-weight: 400;\">Elle est disponible en couleur unie ou en d\u00e9grad\u00e9 magnifique avec un imprim\u00e9 de phase de lune.<\/span><\/p>\n<p>&nbsp;<\/p>\n<p class=\"manquante\" style=\"text-align: center;\">Article manquant ? <a href=\"mailto:serviceclients@yoga-nest.com\">Contactez-nous<\/a><\/p>\n","protected":false},"featured_media":410,"comment_status":"open","ping_status":"open","template":"","meta":[],"product_cat":[84,20,47,48],"product_tag":[81],"_links":{"self":[{"href":"https:\/\/yoganest.vaniseo.pro\/index.php\/wp-json\/wp\/v2\/product\/409"}],"collection":[{"href":"https:\/\/yoganest.vaniseo.pro\/index.php\/wp-json\/wp\/v2\/product"}],"about":[{"href":"https:\/\/yoganest.vaniseo.pro\/index.php\/wp-json\/wp\/v2\/types\/product"}],"replies":[{"embeddable":true,"href":"https:\/\/yoganest.vaniseo.pro\/index.php\/wp-json\/wp\/v2\/comments?post=409"}],"wp:featuredmedia":[{"embeddable":true,"href":"https:\/\/yoganest.vaniseo.pro\/index.php\/wp-json\/wp\/v2\/media\/410"}],"wp:attachment":[{"href":"https:\/\/yoganest.vaniseo.pro\/index.php\/wp-json\/wp\/v2\/media?parent=409"}],"wp:term":[{"taxonomy":"product_cat","embeddable":true,"href":"https:\/\/yoganest.vaniseo.pro\/index.php\/wp-json\/wp\/v2\/product_cat?post=409"},{"taxonomy":"product_tag","embeddable":true,"href":"https:\/\/yoganest.vaniseo.pro\/index.php\/wp-json\/wp\/v2\/product_tag?post=409"}],"curies":[{"name":"wp","href":"https:\/\/api.w.org\/{rel}","templated":true}]}}