{"id":355,"date":"2021-03-25T23:34:51","date_gmt":"2021-03-25T22:34:51","guid":{"rendered":"https:\/\/yoganest.vaniseo.pro\/index.php\/product\/foulard-de-meditation-soie\/"},"modified":"2024-03-06T14:22:31","modified_gmt":"2024-03-06T13:22:31","slug":"foulard-de-meditation-soie","status":"publish","type":"product","link":"https:\/\/yoganest.vaniseo.pro\/index.php\/product\/foulard-de-meditation-soie\/","title":{"rendered":"Foulard de m\u00e9ditation | Soie"},"content":{"rendered":"<p><span style=\"font-weight: 400;\">Cet \u00e9l\u00e9gant ch\u00e2le de m\u00e9ditation est fabriqu\u00e9 \u00e0 100% en soie de m\u00fbrier. Chaque face rev\u00eat une couleur diff\u00e9rente, cr\u00e9ant lorsqu&rsquo;il est port\u00e9 l&rsquo;illusion d&rsquo;un magnifique et d\u00e9licat motif, m\u00e9lange d&rsquo;or et de bleu marine profond.<\/span><\/p>\n<p><span style=\"font-weight: 400;\">Les foulards de m\u00e9ditation ne sont pas seulement beaux \u00e0 porter, ils peuvent aussi se rendent tr\u00e8s utiles de diff\u00e9rentes mani\u00e8res :<\/span><\/p>\n<ul>\n<li style=\"font-weight: 400;\" aria-level=\"1\"><span style=\"font-weight: 400;\">Lorsque vous m\u00e9ditez, vous pouvez mettre le ch\u00e2le de m\u00e9ditation sur vos \u00e9paules ou vos jambes pour vous garder au chaud et vous sentir en s\u00e9curit\u00e9.<\/span><\/li>\n<li style=\"font-weight: 400;\" aria-level=\"1\"><span style=\"font-weight: 400;\">Les ch\u00e2les sont \u00e9galement merveilleux pour se couvrir pendant la relaxation (Savasana en sanskrit) en Hatha Yoga.<\/span><\/li>\n<li style=\"font-weight: 400;\" aria-level=\"1\"><span style=\"font-weight: 400;\">Vous pouvez aussi tout simplement les porter comme une \u00e9charpe ou un accessoire chic dans votre quotidien.<\/span><\/li>\n<\/ul>\n<p><span style=\"font-weight: 400;\">Si vous pratiquez le yoga ou la m\u00e9ditation dans un lieu o\u00f9 la temp\u00e9rature ambiante est basse, ce ch\u00e2le de m\u00e9ditation ou de pri\u00e8re sera des plus appr\u00e9ci\u00e9s.<\/span><\/p>\n<p><span style=\"font-weight: 400;\">Yoga Boutique se procure les foulards de m\u00e9ditation aupr\u00e8s d&rsquo;une petite usine de 47 employ\u00e9s dans la r\u00e9gion du Cachemire en Inde. Elle a \u00e9t\u00e9 cr\u00e9\u00e9e en 1957 et est certifi\u00e9e ISO. Les personnes qui travaillent dans cette usine ont toutes une chose en commun : la passion pour leur m\u00e9tier, le souci du d\u00e9tail, le flair pour la cr\u00e9ation de nouveaux motifs et de variations de couleurs, ainsi que le savoir-faire qui se transmet de g\u00e9n\u00e9ration en g\u00e9n\u00e9ration. Les ch\u00e2les traditionnels Kani y sont par exemple encore tiss\u00e9s aujourd&rsquo;hui.<\/span><\/p>\n<p>[accordion title=\u00a0\u00bb\u00a0\u00bb open1st=\u00a0\u00bb0&Prime; openAll=\u00a0\u00bb0&Prime;][accordion_item title=\u00a0\u00bbEntretien\u00a0\u00bb]<span style=\"font-weight: 400;\">Laver le foulard de m\u00e9ditation en soie \u00e0 la main :\u00a0<\/span><\/p>\n<ul>\n<li style=\"font-weight: 400;\" aria-level=\"1\"><span style=\"font-weight: 400;\">Faire couler de l&rsquo;eau \u00e0 30 degr\u00e9s maximum dans une cuvette en plastique et y dissoudre une goutte de d\u00e9tergent pour soie, en la faisant tourner un peu avec la main pour bien la r\u00e9partir.<\/span><\/li>\n<li style=\"font-weight: 400;\" aria-level=\"1\"><span style=\"font-weight: 400;\">Mettez le tissu en soie dedans et laissez-le pendant trois minutes, cinq au maximum. Tout en faisant cela, bougez-la un peu d&rsquo;avant en arri\u00e8re de temps en temps. Versez la lessive.\u00a0<\/span><\/li>\n<li style=\"font-weight: 400;\" aria-level=\"1\"><span style=\"font-weight: 400;\">Passez \u00e0 l&rsquo;eau froide et rincez-y la soie.\u00a0<\/span><\/li>\n<li style=\"font-weight: 400;\" aria-level=\"1\"><span style=\"font-weight: 400;\">Essorez ensuite tr\u00e8s soigneusement le tissu humide et enroulez-le dans une serviette s\u00e8che. Vous ne devez en aucun cas essorer la soie, car elle est particuli\u00e8rement d\u00e9licate lorsqu&rsquo;elle est mouill\u00e9e et les fibres peuvent se briser.\u00a0<\/span><\/li>\n<li style=\"font-weight: 400;\" aria-level=\"1\"><span style=\"font-weight: 400;\">Ne la suspendez pas non plus tremp\u00e9e, car la soie lourde et humide se d\u00e9forme facilement. Ne tirez que l\u00e9g\u00e8rement sur le foulard en soie pour lui donner une forme et faites-le s\u00e9cher en position \u00e0 plat.<\/span><\/li>\n<li style=\"font-weight: 400;\" aria-level=\"1\"><span style=\"font-weight: 400;\">La soie ne doit pas \u00eatre s\u00e9ch\u00e9e au soleil. L\u2019id\u00e9al est de laisser s\u00e9cher la soie \u00e0 l&rsquo;ext\u00e9rieur, \u00e0 l&rsquo;ombre, sous un ciel couvert.<\/span><\/li>\n<li style=\"font-weight: 400;\" aria-level=\"1\"><span style=\"font-weight: 400;\">Repassez toujours sur l&rsquo;envers. Le tissu doit encore \u00eatre l\u00e9g\u00e8rement humide pour que les plis puissent \u00eatre facilement repass\u00e9s. Une autre chose que la soie n&rsquo;aime pas du tout : un fer \u00e0 repasser trop chaud ou \u00e0 vapeur.\u00a0<\/span><\/li>\n<li style=\"font-weight: 400;\" aria-level=\"1\"><span style=\"font-weight: 400;\">Vous pouvez aussi mettre la douche chaude et laisser le foulard froiss\u00e9 suspendu toute la nuit. L&rsquo;humidit\u00e9 agit comme un fer \u00e0 repasser.<\/span><\/li>\n<\/ul>\n<p>[\/accordion_item][\/accordion][accordion title=\u00a0\u00bb\u00a0\u00bb open1st=\u00a0\u00bb0&Prime; openAll=\u00a0\u00bb0&Prime;][accordion_item title=\u00a0\u00bbTypes d&rsquo;activit\u00e9s\u00a0\u00bb]<span style=\"font-weight: 400;\">Yin yoga, Yoga restauratif, Yoga nidra, <\/span><span style=\"font-weight: 400;\">Hatha-yoga, Vinyasa yoga, Flow yoga, Ashtanga yoga, Power yoga, Kundalini yoga, Yoga pr\u00e9natal, Acro yoga, Automassage Myofascial, <\/span><span style=\"font-weight: 400;\">Cocooning \u00e0 la maison<\/span>[\/accordion_item][\/accordion]<span style=\"font-weight: 400;\">[accordion title=\u00a0\u00bb\u00a0\u00bb open1st=\u00a0\u00bb0&Prime; openAll=\u00a0\u00bb0&Prime;][accordion_item title=\u00a0\u00bbPourquoi on adore ce produit\u00a0\u00bb]<\/span><\/p>\n<p><span style=\"font-weight: 400;\">On adore ce foulard de m\u00e9ditation en soie car il est polyvalent. En plus de pouvoir l\u2019utiliser dans nos s\u00e9ances de yoga et m\u00e9ditation, on peut le porter pour am\u00e9liorer nos looks de tous les jours. Il est tr\u00e8s agr\u00e9able \u00e0 porter et donne un petit d\u00e9tail suppl\u00e9mentaire \u00e0 notre tenue.<\/span><\/p>\n<p><span style=\"font-weight: 400;\">Il nous tient chaud pendant nos s\u00e9ances sans nous g\u00eaner. Il est tr\u00e8s confortable. La qualit\u00e9 de la soie est superbe et les couleurs sont magnifiques. Elles sont vives et nous donnent un \u00e9lan positif. <\/span><\/p>\n<p>[\/accordion_item][\/accordion][accordion title=\u00a0\u00bb\u00a0\u00bb open1st=\u00a0\u00bb0&Prime; openAll=\u00a0\u00bb0&Prime; style=\u00a0\u00bb\u00a0\u00bb][accordion_item title=\u00a0\u00bbPaiement, livraison &amp; retours\u00a0\u00bb]Pour les informations sur les alternatives de paiement, de livraison et les retours, merci de cliquer <a class=\"linkcgv\" href=\"https:\/\/www.yoga-nest.com\/paiement-livraison-retours\/\" target=\"_blank\" rel=\"noopener\">ICI<\/a>.[\/accordion_item][\/accordion]<\/p>\n<p><span style=\"color: #b01da4;\"><b>La Marque<\/b><\/span><\/p>\n<p><b>Yoga Boutique \u2013 Des articles pour le yoga exclusifs, fonctionnels et \u00e9thiques<\/b><\/p>\n<p><span style=\"font-weight: 400;\">Yoga Boutique est une <\/span><b>start-up familiale suisse<\/b><span style=\"font-weight: 400;\">, n\u00e9e en 2018. Leur gamme est soigneusement s\u00e9lectionn\u00e9e : <\/span><b>tapis de yoga fabriqu\u00e9s \u00e0 partir de mat\u00e9riaux durables, beaux coussins de m\u00e9ditation, v\u00eatements de yoga super confortables pour tous. <\/b><span style=\"font-weight: 400;\">Les produits sont con\u00e7us directement par les fondateurs et sont donc exclusifs. Un soin particulier est donn\u00e9 \u00e0 la provenance des mat\u00e9riaux, aux designs et aux fonctionnalit\u00e9s.<\/span><\/p>\n<p><a class=\"boutonmarque\" title=\"Yoga Boutique\" href=\"http:\/\/www.yoga-nest.com\/yoga-boutique\/\"><span style=\"font-weight: 400;\">En savoir plus<\/span><\/a><\/p>\n","protected":false},"excerpt":{"rendered":"<p><span style=\"font-weight: 400;\">Foulard de m\u00e9ditation couleur marine et or de la marque Yoga Boutique. Les bordures subtilement piqu\u00e9es, le contraste des 2 couleurs sur chaque face et les jeux de lumi\u00e8re de la soie le rendent aussi beau qu\u2019utile. Fabriqu\u00e9 en soie, son touch\u00e9 est tr\u00e8s agr\u00e9able sur votre peau.<\/span><\/p>\n<p><span style=\"font-weight: 400;\">Un ch\u00e2le ou foulard de m\u00e9ditation procure une sensation de confort et intensifie votre concentration int\u00e9rieure. La couverture symbolise votre isolement temporaire du monde ext\u00e9rieur, tout en m\u00e9ditant. Il offre \u00e9galement une isolation parfaite de la s\u00e9cheresse ou du froid provenant du sol. Le foulard de m\u00e9ditation de Yoga Boutique est un incontournable pour tout m\u00e9ditant, d\u00e9butant ou avanc\u00e9.<\/span><\/p>\n<p>&nbsp;<\/p>\n<p class=\"manquante\" style=\"text-align: center;\">Cet article est unique. S&rsquo;il est manquant, nous pouvons vous en proposer d&rsquo;autres <a href=\"mailto:serviceclients@yoga-nest.com\">Contactez-nous<\/a><\/p>\n","protected":false},"featured_media":356,"comment_status":"open","ping_status":"open","template":"","meta":[],"product_cat":[74,84,20,64],"product_tag":[29],"_links":{"self":[{"href":"https:\/\/yoganest.vaniseo.pro\/index.php\/wp-json\/wp\/v2\/product\/355"}],"collection":[{"href":"https:\/\/yoganest.vaniseo.pro\/index.php\/wp-json\/wp\/v2\/product"}],"about":[{"href":"https:\/\/yoganest.vaniseo.pro\/index.php\/wp-json\/wp\/v2\/types\/product"}],"replies":[{"embeddable":true,"href":"https:\/\/yoganest.vaniseo.pro\/index.php\/wp-json\/wp\/v2\/comments?post=355"}],"wp:featuredmedia":[{"embeddable":true,"href":"https:\/\/yoganest.vaniseo.pro\/index.php\/wp-json\/wp\/v2\/media\/356"}],"wp:attachment":[{"href":"https:\/\/yoganest.vaniseo.pro\/index.php\/wp-json\/wp\/v2\/media?parent=355"}],"wp:term":[{"taxonomy":"product_cat","embeddable":true,"href":"https:\/\/yoganest.vaniseo.pro\/index.php\/wp-json\/wp\/v2\/product_cat?post=355"},{"taxonomy":"product_tag","embeddable":true,"href":"https:\/\/yoganest.vaniseo.pro\/index.php\/wp-json\/wp\/v2\/product_tag?post=355"}],"curies":[{"name":"wp","href":"https:\/\/api.w.org\/{rel}","templated":true}]}}