{"id":345,"date":"2021-03-25T19:39:16","date_gmt":"2021-03-25T18:39:16","guid":{"rendered":"https:\/\/yoganest.vaniseo.pro\/index.php\/product\/bracelet-mala-devotion\/"},"modified":"2024-03-06T14:21:40","modified_gmt":"2024-03-06T13:21:40","slug":"bracelet-mala-devotion","status":"publish","type":"product","link":"https:\/\/yoganest.vaniseo.pro\/index.php\/product\/bracelet-mala-devotion\/","title":{"rendered":"Bracelet Mala | Devotion"},"content":{"rendered":"<p>Compos\u00e9s de perles de diff\u00e9rentes natures, les malas permettent de se concentrer sur la r\u00e9citation des mantras, tout en apportant diff\u00e9rentes vertus \u00e0 la personne qui les poss\u00e8de. En effet, g\u00e9n\u00e9ralement fabriqu\u00e9s \u00e0 partir de perles de Rudraksha, ils sont parfois agr\u00e9ment\u00e9s de pierres pr\u00e9cieuses ou semi-pr\u00e9cieuses qui ont elles-m\u00eames des b\u00e9n\u00e9fices sp\u00e9cifiques selon la lithoth\u00e9rapie.<\/p>\n<p>L\u2019arbre Elaeocarpus angustifolius est cultiv\u00e9 en Inde. Les Rudrakshas sont les graines de cet arbre et sont r\u00e9colt\u00e9es une fois tomb\u00e9es par terre. Elles sont consid\u00e9r\u00e9es comme sacr\u00e9es dans de nombreuses cultures. On leur donne parfois le nom de \u201clarmes de Shiva\u201d.<\/p>\n<p>Les perles de cornaline renforcent votre centrage et vous permettent de d\u00e9velopper votre cr\u00e9ativit\u00e9, votre intuition. Elles vous aident \u00e0 reprendre confiance en vous. Connue pour \u00eatre une pierre de connexion et de r\u00e9conciliation avec l\u2019\u00e9nergie de la m\u00e8re, elle apaise vos peurs et vos angoisses. De plus, elle permet \u00e0 votre sexualit\u00e9 de s&rsquo;exprimer et favorise votre libido.<\/p>\n<p>Connect\u00e9 au second chakra, ce bracelet vous aidera \u00e0 accepter vos sentiments et \u00e0 les laisser circuler pour plus de s\u00e9r\u00e9nit\u00e9.<\/p>\n<p>[accordion title=\u00a0\u00bb\u00a0\u00bb open1st=\u00a0\u00bb0&Prime; openAll=\u00a0\u00bb0&Prime;][accordion_item title=\u00a0\u00bbEntretien\u00a0\u00bb]<\/p>\n<p>Si vous souhaitez transmettre vos intentions aux perles qui composent votre bracelet mala, ne le portez pas imm\u00e9diatement \u00e0 sa r\u00e9ception. Attendez d\u2019\u00eatre un lundi, jour consacr\u00e9 \u00e0 Shiva, et r\u00e9alisez la c\u00e9r\u00e9monie suivante. Ainsi le bracelet sera porteur d\u2019\u00e9nergie et une sorte de connexion sera cr\u00e9\u00e9e.<\/p>\n<ul>\n<li>Asseyez-vous confortablement dans un lieu calme et reposant.<\/li>\n<li>Remplissez un r\u00e9cipient d\u2019eau dans lequel vous d\u00e9poserez quelques fleurs. Plongez-y votre bracelet Devotion.<\/li>\n<li>Un b\u00e2ton d\u2019encens pourra \u00e0 ce stade vous aider \u00e0 relaxer votre corps et votre esprit.<\/li>\n<li>Une fois que vous avez atteint un stade de relaxation que vous jugez suffisant, nettoyez chacune des perles de votre mala. En m\u00eame temps, visualisez vos intentions et transmettez-les aux perles. Imaginez-les comme des protectrices et des vectrices de bonnes \u00e9nergies.<\/li>\n<li>Chantez le mantra \u00ab OM HREEM NAMAH SHIVAYA OM \u00bb. Il est synonyme des larmes de Shiva.<\/li>\n<li>Vous pouvez maintenant porter votre bracelet et b\u00e9n\u00e9ficier de ses vertus.<\/li>\n<\/ul>\n<p>Si vous avez l\u2019impression que votre mala a accumul\u00e9 beaucoup d\u2019\u00e9nergies au fil du temps, prenez le temps de le laver pour le remettre \u00e0 z\u00e9ro. Il se d\u00e9chargera ainsi des \u00e9nergies et sera de nouveau pr\u00eat \u00e0 en accueillir. Pour faire ceci:<\/p>\n<ul>\n<li>Uuvrez votre robinet et placez votre bracelet sous l\u2019eau courante<\/li>\n<li>Touchez chaque perle avec l\u2019intention de la nettoyer<\/li>\n<li>Laissez s\u00e9cher votre mala \u00e0 l\u2019air libre, puis massez chacune des perles avec un peu d\u2019huile naturelle.<\/li>\n<\/ul>\n<p>[\/accordion_item][\/accordion]<\/p>\n<p>[accordion title=\u00a0\u00bb\u00a0\u00bb open1st=\u00a0\u00bb0&Prime; openAll=\u00a0\u00bb0&Prime;][accordion_item title=\u00a0\u00bbTypes d&rsquo;activit\u00e9s\u00a0\u00bb]<\/p>\n<p>Yin yoga, Yoga restauratif, Yoga nidra, Hatha yoga, Vinyasa yoga, Flow yoga, Ashtanga yoga, Power yoga, Kundalini yoga, Yoga pr\u00e9natal, Yoga en plein air, Yoga en voyage, M\u00e9ditation, Mindfulness, Casual wear, En route vers le studio, Style relax, Cocooning \u00e0 la maison.<\/p>\n<p>[\/accordion_item][\/accordion]<\/p>\n<p>[accordion title=\u00a0\u00bb\u00a0\u00bb open1st=\u00a0\u00bb0&Prime; openAll=\u00a0\u00bb0&Prime;][accordion_item title=\u00a0\u00bbPourquoi on adore ce produit\u00a0\u00bb]<\/p>\n<p>Compos\u00e9 de perles semi-pr\u00e9cieuses de cornaline, ce mala vous guidera vers le courage et la confiance en soi. Si vous vivez une p\u00e9riode de changement dans votre vie, cette pierre vous permettra de prendre confiance en vous et d\u2019accepter la nouveaut\u00e9.<\/p>\n<p>La cornaline est \u00e9galement connue pour renforcer le corps et encourager l\u2019acceptation de sa sensualit\u00e9 et sa sexualit\u00e9. Associ\u00e9e au second chakra, elle est connue pour am\u00e9liorer la f\u00e9condit\u00e9. Les femmes enceintes peuvent porter ce mala pour prot\u00e9ger le b\u00e9b\u00e9 en devenir.<\/p>\n<p>Gr\u00e2ce \u00e0 ce mala, vous laisserez la place \u00e0 votre cr\u00e9ativit\u00e9 et vous laisserez libre cours \u00e0 votre imagination.<\/p>\n<p>On adore porter ce bracelet mala, que ce soit pour une s\u00e9ance de m\u00e9ditation, pendant un cours de yoga ou simplement comme accessoire pour agr\u00e9menter nos tenues et profiter des vertus bienfaisantes de ses perles.<\/p>\n<p>[\/accordion_item][\/accordion]<\/p>\n<p>[accordion title=\u00a0\u00bb\u00a0\u00bb open1st=\u00a0\u00bb0&Prime; openAll=\u00a0\u00bb0&Prime; style=\u00a0\u00bb\u00a0\u00bb][accordion_item title=\u00a0\u00bbPaiement, livraison &amp; retours\u00a0\u00bb]<br \/>\nPour les informations sur les alternatives de paiement, de livraison et les retours, merci de cliquer <a class=\"linkcgv\" href=\"https:\/\/www.yoga-nest.com\/paiement-livraison-retours\/\" target=\"_blank\" rel=\"noopener\">ICI<\/a><br \/>\n[\/accordion_item][\/accordion]<\/p>\n<p>[one]<\/p>\n<p><span style=\"color: #b01da4;\"><strong>La Marque<\/strong><\/span><\/p>\n<p><strong>Mala Spirit &#8211; Made with love, an offering from Bali<\/strong><\/p>\n<p>Le c\u0153ur des cr\u00e9ations Mala Spirit est la perle Rudraksha, issue de l\u2019arbre Eleocarpus, qui apporte la sagesse et le pouvoir des anciens sages au monde d\u2019aujourd\u2019hui sous la forme de malas contemporains. Le Rudraksha est associ\u00e9 \u00e0 des pierres pr\u00e9cieuses, qui diff\u00e9rent pour chaque pi\u00e8ce et lui conf\u00e8rent sa personnalit\u00e9 en termes de couleurs et ses b\u00e9n\u00e9fices associ\u00e9s aux chakras. Chaque pi\u00e8ce est fabriqu\u00e9e \u00e0 la main et b\u00e9nie \u00e0 Bali.<\/p>\n<p><a class=\"boutonmarque\" title=\"Mala Spirit\" href=\"http:\/\/yoga-nest.com\/mala-spirit\/\" target=\"_blank\" rel=\"noopener\">En savoir plus<\/a><\/p>\n<p>&nbsp;<\/p>\n","protected":false},"excerpt":{"rendered":"<p>Le bracelet \u201cDevotion\u201d pour la pratique m\u00e9ditative est compos\u00e9 de perles de Rudraksha combin\u00e9es \u00e0 des perles de cornaline. La pierre de cornaline lui donne cette belle couleur orange, pleine d\u2019\u00e9nergie et de vitalit\u00e9.<\/p>\n<p>Ce mala vous apportera dynamisme et motivation. Il est totalement adapt\u00e9 \u00e0 la pratique de la m\u00e9ditation, puisque cette gemme favorise la concentration.<\/p>\n<p>R\u00e9sonne avec le 2<sup>\u00e8me<\/sup> chakra, situ\u00e9 dans le bas-ventre. Il est connu pour \u00eatre le centre de notre cr\u00e9ativit\u00e9, sexualit\u00e9 et inspiration.<\/p>\n<p>Apporte courage et confiance en soi, id\u00e9al au moment de grands changements de vie.<\/p>\n<p>&nbsp;<\/p>\n<p class=\"manquante\" style=\"text-align: center;\">Mod\u00e8le manquant ? <a href=\"mailto:serviceclients@yoga-nest.com\">Contactez-nous<\/a><\/p>\n","protected":false},"featured_media":346,"comment_status":"open","ping_status":"open","template":"","meta":[],"product_cat":[55,83,47,48],"product_tag":[57],"_links":{"self":[{"href":"https:\/\/yoganest.vaniseo.pro\/index.php\/wp-json\/wp\/v2\/product\/345"}],"collection":[{"href":"https:\/\/yoganest.vaniseo.pro\/index.php\/wp-json\/wp\/v2\/product"}],"about":[{"href":"https:\/\/yoganest.vaniseo.pro\/index.php\/wp-json\/wp\/v2\/types\/product"}],"replies":[{"embeddable":true,"href":"https:\/\/yoganest.vaniseo.pro\/index.php\/wp-json\/wp\/v2\/comments?post=345"}],"wp:featuredmedia":[{"embeddable":true,"href":"https:\/\/yoganest.vaniseo.pro\/index.php\/wp-json\/wp\/v2\/media\/346"}],"wp:attachment":[{"href":"https:\/\/yoganest.vaniseo.pro\/index.php\/wp-json\/wp\/v2\/media?parent=345"}],"wp:term":[{"taxonomy":"product_cat","embeddable":true,"href":"https:\/\/yoganest.vaniseo.pro\/index.php\/wp-json\/wp\/v2\/product_cat?post=345"},{"taxonomy":"product_tag","embeddable":true,"href":"https:\/\/yoganest.vaniseo.pro\/index.php\/wp-json\/wp\/v2\/product_tag?post=345"}],"curies":[{"name":"wp","href":"https:\/\/api.w.org\/{rel}","templated":true}]}}