{"id":275,"date":"2021-03-25T05:23:34","date_gmt":"2021-03-25T04:23:34","guid":{"rendered":"https:\/\/yoganest.vaniseo.pro\/index.php\/product\/pantalon-ample-bali\/"},"modified":"2024-03-06T15:53:43","modified_gmt":"2024-03-06T14:53:43","slug":"pantalon-ample-bali","status":"publish","type":"product","link":"https:\/\/yoganest.vaniseo.pro\/index.php\/product\/pantalon-ample-bali\/","title":{"rendered":"Pantalon ample | Bali"},"content":{"rendered":"<p><span style=\"font-weight: 400;\">Pantalon ample et \u00e9lastique pour femme et homme, id\u00e9al pour la pratique du Yoga, de la danse ou de la m\u00e9ditation.\u00a0<\/span><\/p>\n<p><span style=\"font-weight: 400;\">Ce pantalon fluide de Yoga s\u2019adapte \u00e0 toutes les morphologies, f\u00e9minines comme masculines. Avec sa taille \u00e9lastiqu\u00e9e, il permet un maintien parfait pendant vos s\u00e9ances. <\/span><span style=\"font-weight: 400;\">Une coupe large au niveau des cuisses qui permet une libert\u00e9 totale de mouvement et qui ne serre pas l\u2019entrejambe.\u00a0<\/span><\/p>\n<p><span style=\"font-weight: 400;\">Ce sarouel peut \u00e9galement \u00eatre port\u00e9 au quotidien, accompagn\u00e9 d\u2019une paire de baskets et d\u2019un t-shirt ou d\u2019un petit chemiser, il vous donnera un look sportswear et d\u00e9contract\u00e9.\u00a0<\/span><\/p>\n<p><span style=\"font-weight: 400;\">Le pantalon ample est un classique, inspir\u00e9 de la culture Balinaise, il vous accompagnera au yoga, \u00e0 la m\u00e9ditation et dans votre temps libre.<\/span><\/p>\n<p><span style=\"font-weight: 400;\">Tr\u00e8s confortable, il est totalement adapt\u00e9 comme pantalon de grossesse, les futures mamans pourront l&rsquo;utiliser jusqu&rsquo;au dernier jour de la grossesse, au yoga pr\u00e9natal et ailleurs.<\/span><span style=\"font-weight: 400;\"> Sa taille \u00e9lastique, que vous pouvez rabattre, s&rsquo;adapte tr\u00e8s bien \u00e0 votre ventre rond. Vous, ainsi que votre b\u00e9b\u00e9, y serez parfaitement confortables.\u00a0<\/span><\/p>\n<p>[accordion title=\u00a0\u00bb\u00a0\u00bb open1st=\u00a0\u00bb0&Prime; openAll=\u00a0\u00bb0&Prime;][accordion_item title=\u00a0\u00bbEntretien\u00a0\u00bb]<br \/>\n<span style=\"font-weight: 400;\">Voici quelques conseils pour laver et entretenir le plus longtemps possible votre pantalon Bali :<\/span><\/p>\n<ul>\n<li style=\"font-weight: 400;\" aria-level=\"1\"><span style=\"font-weight: 400;\">Lavez-le \u00e0 la main ou au lave-linge \u00e0 une temp\u00e9rature maximale de 30\u00b0<\/span><\/li>\n<li style=\"font-weight: 400;\" aria-level=\"1\"><span style=\"font-weight: 400;\">N\u2019utilisez pas de s\u00e8che-linge, suspendez-le \u00e0 l\u2019air libre pour le faire s\u00e9cher<\/span><\/li>\n<li style=\"font-weight: 400;\" aria-level=\"1\"><span style=\"font-weight: 400;\">N\u2019utilisez pas de Javel pour prot\u00e9ger au maximum son tissu et ses propri\u00e9t\u00e9s<\/span><\/li>\n<\/ul>\n<p>[\/accordion_item][\/accordion][accordion title=\u00a0\u00bb\u00a0\u00bb open1st=\u00a0\u00bb0&Prime; openAll=\u00a0\u00bb0&Prime;][accordion_item title=\u00a0\u00bbTypes d&rsquo;activit\u00e9s\u00a0\u00bb]Yoga styles <span style=\"font-weight: 400;\">Yin (Yin, Restauratif), Yoga Nidra, M\u00e9ditation, Mindfulness, Iyengar Yoga, Kundalini yoga, Yoga pr\u00e9natal, Yoga en plein air, Yoga en voyage, Stretching, streetwear, casualwear, style relax, cocooning \u00e0 la maison. <\/span>[\/accordion_item][\/accordion]<span style=\"font-weight: 400;\">[accordion title=\u00a0\u00bb\u00a0\u00bb open1st=\u00a0\u00bb0&Prime; openAll=\u00a0\u00bb0&Prime;][accordion_item title=\u00a0\u00bbPourquoi on adore ce produit\u00a0\u00bb]<\/span><\/p>\n<p><span style=\"font-weight: 400;\">Au d\u00e9but, on se dit qu&rsquo;il sera id\u00e9al en Yin Yoga et en m\u00e9ditation. Aussit\u00f4t qu&rsquo;on l&rsquo;a port\u00e9, on pense \u00e0 lui tout le temps, en cocooning \u00e0 la maison et aussi pour des pratiques actives de Hatha Yoga, Flow Yoga ou Pilates.\u00a0<\/span><\/p>\n<p><span style=\"font-weight: 400;\">Homme ou femme, on l&rsquo;aime aussi parce qu&rsquo;il tient parfaitement en place \u00e0 la taille et aux chevilles.<\/span><\/p>\n<p><span style=\"font-weight: 400;\">On adore la sensation d\u2019avoir de la place, de ne pas se sentir \u00e0 l&rsquo;\u00e9troit et d\u2019\u00eatre confortable, cela ajoute une sensation sup\u00e9rieure de libert\u00e9.\u00a0\u00a0<\/span><\/p>\n<p><span style=\"font-weight: 400;\">La douceur du tissu en viscose de bois Tencel nous aide \u00e0 nous centrer sur nous-m\u00eame. <\/span><\/p>\n<p><span style=\"font-weight: 400;\">[\/accordion_item][\/accordion]<\/span>[accordion title=\u00a0\u00bb\u00a0\u00bb open1st=\u00a0\u00bb0&Prime; openAll=\u00a0\u00bb0&Prime; style=\u00a0\u00bb\u00a0\u00bb][accordion_item title=\u00a0\u00bbPaiement, livraison &amp; retours\u00a0\u00bb]Pour les informations sur les alternatives de paiement, de livraison et les retours, merci de cliquer <a class=\"linkcgv\" href=\"https:\/\/www.yoga-nest.com\/paiement-livraison-retours\/\" target=\"_blank\" rel=\"noopener\">ICI<\/a>.[\/accordion_item][\/accordion]<\/p>\n<p><span style=\"color: #b01da4;\"><b>La Marque<\/b><\/span><\/p>\n<p><b>Vervola \u2013 Inspir\u00e9 par le yoga, con\u00e7u en Suisse, fabriqu\u00e9 \u00e0 Bali dans le cadre d&rsquo;une production durable et \u00e9thique<\/b><\/p>\n<p><span style=\"font-weight: 400;\">Vervola est une <\/span><b>start-up familiale suisse<\/b><span style=\"font-weight: 400;\">, n\u00e9e en 2019. Des tops et des pantalons qui sont <\/span><b>tous doux et ultra-confortables, mettent en valeur votre corps et combinent des coupes intemporelles avec des motifs tendance.<\/b><span style=\"font-weight: 400;\">Con\u00e7us en Suisse par Susanne, ils sont tous uniques car fabriqu\u00e9s pi\u00e8ce par pi\u00e8ce de fa\u00e7on artisanale sur l&rsquo;Ile de Bali en artisanat responsable.<\/span><\/p>\n<p><a class=\"boutonmarque\" title=\"Vervola\" href=\"http:\/\/www.yoga-nest.com\/vervola\/\"><span style=\"font-weight: 400;\">En savoir plus<\/span><\/a><\/p>\n","protected":false},"excerpt":{"rendered":"<p><span style=\"font-weight: 400;\">Le pantalon ample Bali vous offrira l\u00e9g\u00e8ret\u00e9 et confort.\u00a0<\/span><\/p>\n<p><span style=\"font-weight: 400;\">Sa ceinture \u00e9lastique et sa taille haute, qui peut \u00eatre rabattue si n\u00e9cessaire, vous permettent une tenue parfaite pour tous vos mouvements lors d\u2019une s\u00e9ance de Yoga. Le tout, sans que vous vous sentiez \u00e0 l\u2019\u00e9troit. \u00c9galement \u00e9lastique au niveau des chevilles, ce pantalon large ne glisse pas lors des inversions de yoga.\u00a0\u00a0<\/span><\/p>\n<p><span style=\"font-weight: 400;\">Sa mati\u00e8re compos\u00e9e \u00e0 90 % de viscose de bois de qualit\u00e9 sup\u00e9rieure (Tencel) offre un toucher doux et agr\u00e9able sur la peau.\u00a0<\/span><\/p>\n<p>Il s&rsquo;assortit id\u00e9alement avec tous les tops Vervola, <a href=\"https:\/\/www.yoga-nest.com\/boutique-yoga-shop\/brassiere-bustier-linda\/\">Brassi\u00e8re Linda<\/a>, <a href=\"https:\/\/www.yoga-nest.com\/boutique-yoga-shop\/cache-coeur-wrap\/\">Cache-coeur<\/a>, T-shirts manches courtes Favourite ou <a href=\"https:\/\/www.yoga-nest.com\/boutique-yoga-shop\/t-shirt-manches-longues-sleevy\/\">longues Sleevy,<\/a> selon la saison et le contexte.<\/p>\n<p><span style=\"font-weight: 400;\">Ce mod\u00e8le Bali existe en 6 coloris (plus le rouge et le marine en L uniquement)! Il taille large donc prenez au moins une taille de moins. Si vous n\u2019\u00eates pas certaine de votre taille, suivez le guide des tailles ci-dessous. <\/span><\/p>\n<p>&nbsp;<\/p>\n<p>[button title=\u00a0\u00bbGuide des tailles\u00a0\u00bb link=\u00a0\u00bbhttps:\/\/www.yoga-nest.com\/tailles\u00a0\u00bb target=\u00a0\u00bb_blank\u00a0\u00bb align=\u00a0\u00bbcenter\u00a0\u00bb icon=\u00a0\u00bb\u00a0\u00bb icon_position=\u00a0\u00bb\u00a0\u00bb color=\u00a0\u00bb\u00a0\u00bb font_color=\u00a0\u00bb\u00a0\u00bb size=\u00a0\u00bb2&Prime; full_width=\u00a0\u00bb\u00a0\u00bb class=\u00a0\u00bbbouttontaille\u00a0\u00bb download=\u00a0\u00bb\u00a0\u00bb rel=\u00a0\u00bb\u00a0\u00bb]<\/p>\n<p>&nbsp;<\/p>\n<p class=\"manquante\" style=\"text-align: center;\">Taille ou couleur manquante ? <a href=\"mailto:serviceclients@yoga-nest.com\">Contactez-nous<\/a><\/p>\n","protected":false},"featured_media":276,"comment_status":"open","ping_status":"open","template":"","meta":[],"product_cat":[74,75,47,48,76,62,66,64],"product_tag":[77],"_links":{"self":[{"href":"https:\/\/yoganest.vaniseo.pro\/index.php\/wp-json\/wp\/v2\/product\/275"}],"collection":[{"href":"https:\/\/yoganest.vaniseo.pro\/index.php\/wp-json\/wp\/v2\/product"}],"about":[{"href":"https:\/\/yoganest.vaniseo.pro\/index.php\/wp-json\/wp\/v2\/types\/product"}],"replies":[{"embeddable":true,"href":"https:\/\/yoganest.vaniseo.pro\/index.php\/wp-json\/wp\/v2\/comments?post=275"}],"wp:featuredmedia":[{"embeddable":true,"href":"https:\/\/yoganest.vaniseo.pro\/index.php\/wp-json\/wp\/v2\/media\/276"}],"wp:attachment":[{"href":"https:\/\/yoganest.vaniseo.pro\/index.php\/wp-json\/wp\/v2\/media?parent=275"}],"wp:term":[{"taxonomy":"product_cat","embeddable":true,"href":"https:\/\/yoganest.vaniseo.pro\/index.php\/wp-json\/wp\/v2\/product_cat?post=275"},{"taxonomy":"product_tag","embeddable":true,"href":"https:\/\/yoganest.vaniseo.pro\/index.php\/wp-json\/wp\/v2\/product_tag?post=275"}],"curies":[{"name":"wp","href":"https:\/\/api.w.org\/{rel}","templated":true}]}}