{"id":2434,"date":"2021-04-02T01:49:54","date_gmt":"2021-04-01T23:49:54","guid":{"rendered":"https:\/\/yoganest.vaniseo.pro\/index.php\/product\/coussin-de-meditation-taj-mahal-2\/"},"modified":"2024-03-06T19:41:38","modified_gmt":"2024-03-06T18:41:38","slug":"coussin-de-meditation-taj-mahal-2","status":"publish","type":"product","link":"https:\/\/yoganest.vaniseo.pro\/index.php\/product\/coussin-de-meditation-taj-mahal-2\/","title":{"rendered":"Coussin de m\u00e9ditation | Taj Mahal"},"content":{"rendered":"<p><span style=\"font-weight: 400;\">Ce coussin rond est confortable et offre un bon soutien de la posture de votre corps. Un indispensable pour m\u00e9diter et se relaxer de mani\u00e8re agr\u00e9able. Sa fermet\u00e9 vous permet de rester plus longtemps en position assise &#8211; que ce soit Sukhasana, Padmasana ou Vajrasana &#8211; tout en offrant un grand confort \u00e0 votre bas du dos. Il contribuera \u00e0 un moment de m\u00e9ditation zen et une pleine conscience de vous-m\u00eame et de votre corps.\u00a0<\/span><\/p>\n<p><span style=\"font-weight: 400;\">Issus d\u2019une fabrication artisanale indienne, ces zafus sont cousus \u00e0 la main dans une petite entreprise en Inde. Les tissus utilis\u00e9s sont en coton biologique et ont \u00e9t\u00e9 soigneusement imprim\u00e9s \u00e0 la main avec des tampons sp\u00e9cialement fabriqu\u00e9s au Rajasthan.\u00a0<\/span><\/p>\n<p><span style=\"font-weight: 400;\">Appel\u00e9e blockprint, cette technique est une tradition qui est transmise depuis plusieurs g\u00e9n\u00e9rations. Elle n\u00e9cessite \u00e9norm\u00e9ment de pr\u00e9cision et d&rsquo;habilet\u00e9. Ces coussins sont ensuite assembl\u00e9s et remplis avec la meilleure balle d\u2019\u00e9peautre suisse.\u00a0<\/span><\/p>\n<p><span style=\"font-weight: 400;\">Mesurant 31 cm de diam\u00e8tre et 15 cm de hauteur, ils sont munis d\u2019une poign\u00e9e de transport sur laquelle vous pourrez attacher votre sangle de yoga et ainsi le transporter facilement.\u00a0<\/span><\/p>\n<p><span style=\"font-weight: 400;\">Il peut vous servir pour des s\u00e9ances de yoga et m\u00e9ditation, ainsi que comme coussin de chaise ou coussin de sol. Avec son choix de coloris, c\u2019est un accessoire qui s&rsquo;assortira facilement avec votre d\u00e9coration d&rsquo;int\u00e9rieur et lui apportera une touche cosy et boh\u00e8me.<\/span><\/p>\n<p>[accordion title=\u00a0\u00bb\u00a0\u00bb open1st=\u00a0\u00bb0&Prime; openAll=\u00a0\u00bb0&Prime;][accordion_item title=\u00a0\u00bbEntretien\u00a0\u00bb]<span style=\"font-weight: 400;\">La housse de coussin ext\u00e9rieure peut \u00eatre retir\u00e9e, vous pouvez ainsi la laver facilement. Faites toutefois attention \u00e0 la laver \u00e0 la main.<\/span>[\/accordion_item][\/accordion]<\/p>\n<p>[accordion title=\u00a0\u00bb\u00a0\u00bb open1st=\u00a0\u00bb0&Prime; openAll=\u00a0\u00bb0&Prime; style=\u00a0\u00bb\u00a0\u00bb][accordion_item title=\u00a0\u00bbTypes d&rsquo;activit\u00e9s\u00a0\u00bb]<span style=\"font-weight: 400;\">Yin Yoga, Yoga Restorative, M\u00e9ditation, Yoga Nidra, Mindfulness, Iyengar yoga, Kundalini yoga, Yoga pr\u00e9natal, Cocooning \u00e0 la maison<\/span>[\/accordion_item][\/accordion]<\/p>\n<p>[accordion title=\u00a0\u00bb\u00a0\u00bb open1st=\u00a0\u00bb0&Prime; openAll=\u00a0\u00bb0&Prime; style=\u00a0\u00bb\u00a0\u00bb][accordion_item title=\u00a0\u00bbPourquoi on adore ce produit\u00a0\u00bb]<span style=\"font-weight: 400;\">On adore cet accessoire de yoga que l\u2019on peut amener partout avec nous gr\u00e2ce \u00e0 sa poign\u00e9e de transport. On l\u2019emm\u00e8ne au studio ou en retraite de yoga pour toujours s&rsquo;y sentir confortable comme \u00e0 la maison. En pratique de Yin yoga ou de Restorative yoga, on l&rsquo;a toujours \u00e0 port\u00e9e de main pour le caler quelque part, sous une cuisse, une hanche, le cr\u00e2ne ou le front,&#8230;\u00a0<\/span><\/p>\n<p><span style=\"font-weight: 400;\">Son tissu artisanal, son choix de couleurs neutres ou rayonnantes et ses motifs raffin\u00e9s de couleur or sur les c\u00f4t\u00e9s, nous font voyager jusqu\u2019\u00e0 son lieu de conception, l\u2019Inde.\u00a0<\/span><\/p>\n<p><span style=\"font-weight: 400;\">On appr\u00e9cie particuli\u00e8rement son assise confortable et mall\u00e9able gr\u00e2ce au remplissage en \u00e9peautre bio suisse, parfait aussi si vous aimez vous asseoir parfois au sol pour prendre vos repas, travailler ou lire. <\/span>[\/accordion_item][\/accordion]<\/p>\n<p>[accordion title=\u00a0\u00bb\u00a0\u00bb open1st=\u00a0\u00bb0&Prime; openAll=\u00a0\u00bb0&Prime; style=\u00a0\u00bb\u00a0\u00bb][accordion_item title=\u00a0\u00bbPaiements, livraison &amp; retours\u00a0\u00bb]Pour les informations sur les alternatives de paiement, de livraison et les retours, merci de cliquer\u00a0<a class=\"linkcgv\" href=\"https:\/\/www.yoga-nest.com\/paiement-livraison-retours\/\" target=\"_blank\" rel=\"noopener\">ICI<\/a>[\/accordion_item][\/accordion]<\/p>\n<p>[one]<\/p>\n<p><span style=\"color: #b01da4;\"><b>La Marque<\/b><\/span><\/p>\n<p><b>Yoga Boutique \u2013 Des articles pour le yoga exclusifs, fonctionnels et \u00e9thiques<\/b><\/p>\n<p><span style=\"font-weight: 400;\">Yoga Boutique est une <\/span><b>start-up familiale suisse<\/b><span style=\"font-weight: 400;\">, n\u00e9e en 2018. Leur gamme est soigneusement s\u00e9lectionn\u00e9e : <\/span><b>tapis de yoga fabriqu\u00e9s \u00e0 partir de mat\u00e9riaux durables, beaux coussins de m\u00e9ditation, v\u00eatements de yoga super confortables pour tous. <\/b><span style=\"font-weight: 400;\">Les produits sont con\u00e7us directement par les fondateurs et sont donc exclusifs. Un soin particulier est donn\u00e9 \u00e0 la provenance des mat\u00e9riaux, aux designs et aux fonctionnalit\u00e9s.<\/span><\/p>\n<p><a class=\"boutonmarque\" title=\"Yoga Boutique\" href=\"http:\/\/www.yoga-nest.com\/yoga-boutique\/\"><span style=\"font-weight: 400;\">En savoir plus<\/span><\/a><\/p>\n<p>[\/one]<\/p>\n","protected":false},"excerpt":{"rendered":"<div class=\"j-module n j-hr \">\n<p><span style=\"font-weight: 400;\">Ce magnifique zafu favorise vos postures. Que ce soit en position assise ou allong\u00e9e, il permet un maintien du dos droit ainsi qu\u2019une bonne posture qui aura un impact positif sur votre m\u00e9ditation et vos exercices de respiration. Vous y serez confortablement install\u00e9.e.<\/span><\/p>\n<p><span style=\"font-weight: 400;\">Cousu \u00e0 la main en Inde puis assembl\u00e9 en Suisse, le coussin rond \u201cTaj Mahal\u201d est dot\u00e9 d\u2019une housse amovible et lavable en coton.<\/span><span style=\"font-weight: 400;\">\u00a0Une housse int\u00e9rieure s\u00e9par\u00e9e est remplie de la meilleure balle d&rsquo;\u00e9peautre organique suisse<\/span><span style=\"font-weight: 400;\">.\u00a0<\/span><span style=\"font-weight: 400;\">Gr\u00e2ce \u00e0 sa fermeture \u00e9clair, vous avez la possibilit\u00e9 de moduler la hauteur de votre coussin en retirant ou ajoutant du rembourrage. Ainsi, vous pourrez trouver la bonne posture de m\u00e9ditation qui convient au mieux au maintien de votre dos et au bon alignement de votre colonne vert\u00e9brale.\u00a0<\/span><\/p>\n<p><span style=\"font-weight: 400;\">Dot\u00e9 d\u2019une poign\u00e9e, ce zafu est facilement transportable. Ce mod\u00e8le existe en plusieurs coloris. <strong>D&rsquo;autres coloris et motifs sont disponibles \u00e0 notre Boutique \u00e0 Gen\u00e8ve, contactez-nous<\/strong> par email ou t\u00e9l\u00e9phone pour les commander!<\/span><\/p>\n<\/div>\n<p>&nbsp;<\/p>\n<p style=\"text-align: center;\">Couleur ou mod\u00e8le manquant ? <a href=\"mailto:serviceclients@yoga-nest.com\">Contactez-nous<\/a><\/p>\n","protected":false},"featured_media":569,"comment_status":"open","ping_status":"open","template":"","meta":[],"product_cat":[54,20],"product_tag":[29],"_links":{"self":[{"href":"https:\/\/yoganest.vaniseo.pro\/index.php\/wp-json\/wp\/v2\/product\/2434"}],"collection":[{"href":"https:\/\/yoganest.vaniseo.pro\/index.php\/wp-json\/wp\/v2\/product"}],"about":[{"href":"https:\/\/yoganest.vaniseo.pro\/index.php\/wp-json\/wp\/v2\/types\/product"}],"replies":[{"embeddable":true,"href":"https:\/\/yoganest.vaniseo.pro\/index.php\/wp-json\/wp\/v2\/comments?post=2434"}],"wp:featuredmedia":[{"embeddable":true,"href":"https:\/\/yoganest.vaniseo.pro\/index.php\/wp-json\/wp\/v2\/media\/569"}],"wp:attachment":[{"href":"https:\/\/yoganest.vaniseo.pro\/index.php\/wp-json\/wp\/v2\/media?parent=2434"}],"wp:term":[{"taxonomy":"product_cat","embeddable":true,"href":"https:\/\/yoganest.vaniseo.pro\/index.php\/wp-json\/wp\/v2\/product_cat?post=2434"},{"taxonomy":"product_tag","embeddable":true,"href":"https:\/\/yoganest.vaniseo.pro\/index.php\/wp-json\/wp\/v2\/product_tag?post=2434"}],"curies":[{"name":"wp","href":"https:\/\/api.w.org\/{rel}","templated":true}]}}