{"id":237,"date":"2021-03-24T00:17:43","date_gmt":"2021-03-23T23:17:43","guid":{"rendered":"https:\/\/yoganest.vaniseo.pro\/index.php\/product\/tapis-liege-the-moon-4\/"},"modified":"2024-03-06T14:15:50","modified_gmt":"2024-03-06T13:15:50","slug":"tapis-liege-the-moon-4","status":"publish","type":"product","link":"https:\/\/yoganest.vaniseo.pro\/index.php\/product\/tapis-liege-the-moon-4\/","title":{"rendered":"Tapis Li\u00e8ge | Moon"},"content":{"rendered":"<p><span style=\"font-weight: 400;\">Le tapis de yoga en li\u00e8ge \u00ab\u00a0Moon\u00a0\u00bb de Yoga Boutique pr\u00e9sente un magnifique motif lunaire qui refl\u00e8te les diff\u00e9rentes phases de la lune, accompagn\u00e9es des \u00e9toiles et des orbites.<\/span><\/p>\n<p><span style=\"font-weight: 400;\">Avec une longueur de 183 cm et une largeur de 66 cm, ce tapis de yoga est plus grand que la plupart des tapis de yoga classiques. Tout le monde peut ainsi se sentir \u00e0 l\u2019aise dans toutes les positions, m\u00eame couch\u00e9es. Les personnes les plus grandes n\u2019auront plus les pieds ou la t\u00eate qui d\u00e9passent.<\/span><\/p>\n<p><span style=\"font-weight: 400;\">Les 5 mm d\u2019\u00e9paisseur offrent un amorti optimal pour vos articulations, m\u00eame sur une surface dure. Le tapis est confortable quelque soit votre posture. Vos genoux et vos poignets vous remercieront.<\/span><\/p>\n<p><span style=\"font-weight: 400;\">Dans sa version 3 millim\u00e8tres, le tapis est plus l\u00e9ger et facile \u00e0 transporter. On l\u2019emm\u00e8ne partout, \u00e0 la salle de sport ou au studio de yoga.<\/span><\/p>\n<p><span style=\"font-weight: 400;\">Au niveau de sa composition, la face inf\u00e9rieure du tapis est compos\u00e9e de 4,5 mm de caoutchouc naturel durable. Ainsi, le tapis de yoga a une bonne adh\u00e9rence sur n&rsquo;importe quelle surface et ne glisse pas.<\/span><\/p>\n<p><span style=\"font-weight: 400;\">Le dessus du tapis de yoga est en li\u00e8ge 100 % naturel. Ce mat\u00e9riau poss\u00e8de des propri\u00e9t\u00e9s antibact\u00e9riennes naturelles. Il est donc tr\u00e8s facile \u00e0 entretenir et pratiquement autonettoyant.<\/span><\/p>\n<p><span style=\"font-weight: 400;\">La combinaison du caoutchouc naturel et du li\u00e8ge assure une bonne prise en main pendant les exercices et une sensation agr\u00e9able pendant les phases de relaxation.<\/span><\/p>\n<p><span style=\"font-weight: 400;\">Ne vous inqui\u00e9tez pas : vous pouvez \u00e9galement rouler les tapis de yoga en li\u00e8ge sans aucun probl\u00e8me. Le li\u00e8ge est un mat\u00e9riau souple et ne se fragilise pas avec le temps.<\/span><\/p>\n<p><span style=\"font-weight: 400;\">Gr\u00e2ce \u00e0 son effet isolant, le tapis de yoga en li\u00e8ge \u00ab\u00a0Moon\u00a0\u00bb a toujours une temp\u00e9rature agr\u00e9able. C&rsquo;est un grand avantage, surtout sur les sols froids. Vous vous sentez \u00e0 l&rsquo;aise et en s\u00e9curit\u00e9 partout.<\/span><\/p>\n<p>Poids: 2.2 kg pour 3mm \/ 3.2kg pour 5mm<\/p>\n<p>[accordion title=\u00a0\u00bb\u00a0\u00bb open1st=\u00a0\u00bb0&Prime; openAll=\u00a0\u00bb0&Prime;][accordion_item title=\u00a0\u00bbEntretien\u00a0\u00bb]<\/p>\n<p><span style=\"font-weight: 400;\">Voici quelques conseils pour garantir que votre tapis de yoga aura une longue vie :<\/span><\/p>\n<ul>\n<li style=\"font-weight: 400;\" aria-level=\"1\"><span style=\"font-weight: 400;\">Pensez \u00e0 toujours le ranger dans un endroit sec et \u00e0 l\u2019abri de la lumi\u00e8re. Vous pouvez par exemple le mettre dans un sac pour tapis<\/span><\/li>\n<li style=\"font-weight: 400;\" aria-level=\"1\"><span style=\"font-weight: 400;\">Si vous avez besoin de nettoyer votre tapis pour enlever des taches, essuyez-le premi\u00e8rement avec un chiffon doux humide. Vaporisez-le ensuite avec un spray pour tapis de yoga et laissez-le bien s\u00e9cher.<\/span><\/li>\n<\/ul>\n<p>[\/accordion_item][\/accordion]<\/p>\n<p>[accordion title=\u00a0\u00bb\u00a0\u00bb open1st=\u00a0\u00bb0&Prime; openAll=\u00a0\u00bb0&Prime;][accordion_item title=\u00a0\u00bbTypes d&rsquo;activit\u00e9s\u00a0\u00bb]<\/p>\n<p><span style=\"font-weight: 400;\">Yin yoga, Yoga restauratif, Hatha yoga, Flow yoga, Power yoga, Vinyasa yoga, Ashtanga yoga, Yoga nidra, M\u00e9ditation, Mindfulness, Iyengar yoga, Yoga a\u00e9rien, Pilates, Stretching.<\/span><\/p>\n<p>[\/accordion_item][\/accordion]<\/p>\n<p>[accordion title=\u00a0\u00bb\u00a0\u00bb open1st=\u00a0\u00bb0&Prime; openAll=\u00a0\u00bb0&Prime;][accordion_item title=\u00a0\u00bbPourquoi on adore ce produit\u00a0\u00bb]<\/p>\n<p><span style=\"font-weight: 400;\">Si le monde astral vous fascine, c\u2019est le tapis id\u00e9al pour vous. Son magnifique design de phases de lune, d\u2019\u00e9toiles et d\u2019orbites nous laisse r\u00eaveurs. En plus, il nous aide \u00e0 adopter une bonne position pendant les asanas.<\/span><\/p>\n<p><span style=\"font-weight: 400;\">On adore aussi la mati\u00e8re en li\u00e8ge qui est tr\u00e8s agr\u00e9able et confortable. Ce mat\u00e9riau naturel nous rapproche de la Terre. Et chose non n\u00e9gligeable, le li\u00e8ge est \u00e9galement biod\u00e9gradable et respectueux de l\u2019environnement.<\/span><\/p>\n<p><span style=\"font-weight: 400;\">Il ne glisse pas, on peut donc l\u2019utiliser sur toutes les surfaces en toute s\u00e9curit\u00e9. En plus, gr\u00e2ce au mat\u00e9riau qui le compose, on ne ressent pas le froid du sol. On peut par exemple r\u00e9aliser notre s\u00e9ance de yoga sur du carrelage tout en \u00e9tant bien isol\u00e9.e des temp\u00e9ratures basses.<\/span><\/p>\n<p>[\/accordion_item][\/accordion]<\/p>\n<p>[accordion title=\u00a0\u00bb\u00a0\u00bb open1st=\u00a0\u00bb0&Prime; openAll=\u00a0\u00bb0&Prime; style=\u00a0\u00bb\u00a0\u00bb][accordion_item title=\u00a0\u00bbPaiement, livraison &amp; retours\u00a0\u00bb]<br \/>\nPour les informations sur les alternatives de paiement, de livraison et les retours, merci de cliquer <a class=\"linkcgv\" href=\"https:\/\/www.yoga-nest.com\/paiement-livraison-retours\/\" target=\"_blank\" rel=\"noopener\">ICI<\/a><br \/>\n[\/accordion_item][\/accordion]<\/p>\n<p>[one_second][\/one_second]<\/p>\n<p>[one]<\/p>\n<p><span style=\"color: #b01da4;\"><strong>La Marque<\/strong><\/span><\/p>\n<p><strong>Yoga Boutique &#8211; Des articles pour le yoga exclusifs, fonctionnels et \u00e9thiques<\/strong><\/p>\n<p>Yoga Boutique est une <strong>start-up familiale suisse<\/strong>, n\u00e9e en 2018. Leur gamme est soigneusement s\u00e9lectionn\u00e9e : <strong>tapis de yoga fabriqu\u00e9s \u00e0 partir de mat\u00e9riaux durables, beaux coussins de m\u00e9ditation, v\u00eatements de yoga super confortables pour tous. <\/strong>Les produits sont con\u00e7us directement par les fondateurs et sont donc exclusifs. Un soin particulier est donn\u00e9 \u00e0 la provenance des mat\u00e9riaux, aux designs et aux fonctionnalit\u00e9s.<\/p>\n<p><a class=\"boutonmarque\" title=\"Yoga Boutique\" href=\"http:\/\/yoga-nest.com\/yoga-boutique\/\" target=\"_blank\" rel=\"noopener\">En savoir plus<\/a><\/p>\n<p><span style=\"font-weight: 400;\">[\/one] <\/span><\/p>\n<p>&nbsp;<\/p>\n","protected":false},"excerpt":{"rendered":"<p><span style=\"font-weight: 400;\">Yoga Boutique nous propose un magnifique tapis de yoga en li\u00e8ge arborant des dessins lunaires. Phases de lune, \u00e9toiles et orbites se c\u00f4toient en son centre. Le design aide \u00e9galement \u00e0 toujours rester bien align\u00e9 pendant ses encha\u00eenements.\u00a0<\/span><\/p>\n<p><span style=\"font-weight: 400;\">Le li\u00e8ge est un mat\u00e9riau tr\u00e8s int\u00e9ressant pour la pratique du yoga. Il est en effet anti-bact\u00e9rien, isolant, antid\u00e9rapant et adapt\u00e9 aux personnes allergiques.\u00a0<\/span><\/p>\n<p><span style=\"font-weight: 400;\">Ce tapis est disponible en deux \u00e9paisseurs : 3 et 5mm. Que vous pr\u00e9f\u00e9riez un tapis plus l\u00e9ger \u00e0 transporter ou plus \u00e9pais pour soulager vos articulations, vous trouverez le niveau de confort qui vous convient.<\/span><\/p>\n<p>&nbsp;<\/p>\n<p>[button title=\u00a0\u00bbGuide comparatif des tapis\u00a0\u00bb link=\u00a0\u00bbhttps:\/\/www.yoga-nest.com\/tapis_de_yoga_mat\/\u00a0\u00bb target=\u00a0\u00bb_blank\u00a0\u00bb align=\u00a0\u00bbcenter\u00a0\u00bb icon=\u00a0\u00bb\u00a0\u00bb icon_position=\u00a0\u00bb\u00a0\u00bb color=\u00a0\u00bb\u00a0\u00bb font_color=\u00a0\u00bb\u00a0\u00bb size=\u00a0\u00bb2&Prime; full_width=\u00a0\u00bb\u00a0\u00bb class=\u00a0\u00bbbouttontaille\u00a0\u00bb download=\u00a0\u00bb\u00a0\u00bb rel=\u00a0\u00bb\u00a0\u00bb]<\/p>\n<p>&nbsp;<\/p>\n<p class=\"manquante\" style=\"text-align: center;\">Mod\u00e8le manquant ? <a href=\"mailto:serviceclients@yoga-nest.com\">Contactez-nous<\/a><\/p>\n","protected":false},"featured_media":94,"comment_status":"open","ping_status":"open","template":"","meta":[],"product_cat":[33,26],"product_tag":[29],"_links":{"self":[{"href":"https:\/\/yoganest.vaniseo.pro\/index.php\/wp-json\/wp\/v2\/product\/237"}],"collection":[{"href":"https:\/\/yoganest.vaniseo.pro\/index.php\/wp-json\/wp\/v2\/product"}],"about":[{"href":"https:\/\/yoganest.vaniseo.pro\/index.php\/wp-json\/wp\/v2\/types\/product"}],"replies":[{"embeddable":true,"href":"https:\/\/yoganest.vaniseo.pro\/index.php\/wp-json\/wp\/v2\/comments?post=237"}],"wp:featuredmedia":[{"embeddable":true,"href":"https:\/\/yoganest.vaniseo.pro\/index.php\/wp-json\/wp\/v2\/media\/94"}],"wp:attachment":[{"href":"https:\/\/yoganest.vaniseo.pro\/index.php\/wp-json\/wp\/v2\/media?parent=237"}],"wp:term":[{"taxonomy":"product_cat","embeddable":true,"href":"https:\/\/yoganest.vaniseo.pro\/index.php\/wp-json\/wp\/v2\/product_cat?post=237"},{"taxonomy":"product_tag","embeddable":true,"href":"https:\/\/yoganest.vaniseo.pro\/index.php\/wp-json\/wp\/v2\/product_tag?post=237"}],"curies":[{"name":"wp","href":"https:\/\/api.w.org\/{rel}","templated":true}]}}