{"id":2276,"date":"2023-07-28T04:24:48","date_gmt":"2023-07-28T02:24:48","guid":{"rendered":"https:\/\/yoganest.vaniseo.pro\/index.php\/product\/sports-crop-top-bebas\/"},"modified":"2024-03-06T15:55:57","modified_gmt":"2024-03-06T14:55:57","slug":"sports-crop-top-bebas","status":"publish","type":"product","link":"https:\/\/yoganest.vaniseo.pro\/index.php\/product\/sports-crop-top-bebas\/","title":{"rendered":"Sports Crop top | Bebas"},"content":{"rendered":"<p>This sports crop top combines performance and comfort for your sports sessions and your moments of relaxation. Designed specifically for active people, this crop top offers optimum support and total freedom of movement, allowing you to excel in your sporting activities while remaining comfortable.<\/p>\n<ul>\n<li>Its short cut adds a trendy touch to your outfit, as well as providing pleasant ventilation during exercise. It enhances your figure and gives you a stylish look.<\/li>\n<li>Its wide elastic band means the crop top stays in place whatever your yoga posture.<\/li>\n<li>This versatile crop top is ideal for a variety of sports activities such as yoga, pilates, dance or fitness. It accompanies you through all your training sessions with style and comfort.<\/li>\n<li>A sports bra slips easily underneath for more intense sports activities.<\/li>\n<li>Careful stitching and finishing ensure optimum comfort, reducing chafing and irritation during exercise.<\/li>\n<li>The two colours available go with everything! The batik print is original but discreet, and very easy to wear. For the Batik, select the grey dot when ordering.<\/li>\n<li>It fits very well, so we advise you to take your usual size.<\/li>\n<li>Made from 90% modal and 10% elastane.<\/li>\n<\/ul>\n<p>[accordion title=\u00a0\u00bb\u00a0\u00bb open1st=\u00a0\u00bb0&Prime; openAll=\u00a0\u00bb0&Prime;][accordion_item title=\u00a0\u00bbCare instructions\u00a0\u00bb]<\/p>\n<p>Here are a few tips for washing and caring for your crop-top:<\/p>\n<ul>\n<li>Wash at max 30 degrees or by hand<\/li>\n<li>Hang in the open air, do not use a tumble dryer<\/li>\n<li>Do not use bleach or fabric softener<\/li>\n<li>Do not iron (and definitely not dry clean!)<\/li>\n<\/ul>\n<p>[\/accordion_item][\/accordion][accordion title=\u00a0\u00bb\u00a0\u00bb open1st=\u00a0\u00bb0&Prime; openAll=\u00a0\u00bb0&Prime;][accordion_item title=\u00a0\u00bbIt&rsquo;s perfect for\u00a0\u00bb]Dance, Pilates, Yin Yoga, Restorative Yoga, Hatha Yoga, Flow Yoga, Yoga Nidra, Meditation, Iyengar Yoga, Yoga in the open, Yoga on the move, Myofascial release, Stretching, Streetwear, Lifestyle, Casualwear, Relaxation and Cocooning at home<\/p>\n<p>[\/accordion_item][\/accordion]<span style=\"font-weight: 400;\">[accordion title=\u00a0\u00bb\u00a0\u00bb open1st=\u00a0\u00bb0&Prime; openAll=\u00a0\u00bb0&Prime;][accordion_item title=\u00a0\u00bbPourquoi on adore ce produit\u00a0\u00bb]<\/span><span style=\"font-weight: 400;\">On est fan de son style ! Le crop top de yoga Bebas de la marque Vervola est adapt\u00e9 \u00e0 toutes les situations ! On l\u2019enfile avec un jean ou une jupe longue pour une tenue tendance pour tous les jours. Et si dans la journ\u00e9e l\u2019envie nous en dit, on glisse dans un <\/span><a href=\"https:\/\/www.yoga-nest.com\/boutique-yoga-shop\/legging-de-sport-lilly\/\"><span style=\"font-weight: 400;\">legging de sport<\/span><\/a><span style=\"font-weight: 400;\"> pour aller \u00e0 sa s\u00e9ance de yoga ou d&rsquo;entra\u00eenement.<\/span><span style=\"font-weight: 400;\">[\/accordion_item][\/accordion]<\/span>[accordion title=\u00a0\u00bb\u00a0\u00bb open1st=\u00a0\u00bb0&Prime; openAll=\u00a0\u00bb0&Prime; style=\u00a0\u00bb\u00a0\u00bb][accordion_item title=\u00a0\u00bbPayment, shipping &amp; returns\u00a0\u00bb]For information on payment alternatives, delivery and returns, please click <a href=\"https:\/\/www.yoga-nest.com\/en\/payment-shipping-returns\/\">HERE<\/a>.[\/accordion_item][\/accordion]<\/p>\n<p>[one]<\/p>\n<p><span style=\"color: #b01da4;\"><b>The brand<\/b><\/span><\/p>\n<p><b>Vervola &#8211;\u00a0Inspired by yoga, designed in Switzerland, made in Bali under sustainable and ethical manufacturing<\/b><\/p>\n<p>Vervola is a <b>Swiss family start-up, born in 2019.<\/b> Tops and bottoms that are <b>all soft and ultra-comfortable, enhance your body and combine timeless cuts with trendy patterns.<\/b> Designed in Switzerland by Susanne, they are all unique as they are handcrafted piece by piece on the Island of Bali following a responsible and sustainable craftsmanship&rsquo;s process.<\/p>\n<p><a href=\"https:\/\/www.yoga-nest.com\/vervola-2\/\">Read more<\/a><\/p>\n<p>&nbsp;<\/p>\n","protected":false},"excerpt":{"rendered":"<p>Looking for a comfortable, sustainable yoga crop top? Introducing the Bebas sports crop top from the sublime brand Vervola. This ethical brand designs its collections in Switzerland and manufactures them in Bali in a family-run workshop.<\/p>\n<p>The Bebas crop top is an ideal basic for yoga and all other movement activities. Form-fitting, breathable and comfortable on the skin, you&rsquo;ll love this cropped T-shirt.<\/p>\n<p>This yoga top offers reliable support and a comfortable feel during your yoga, dance or pilates session. It adapts perfectly to inverted positions thanks to its wide elastic for optimum support.<\/p>\n<p>It can be worn on its own or with a bra, depending on your chosen activity. A supportive bra is essential for high-impact activities.<\/p>\n<p>It&rsquo;s also the perfect accessory to wear every day, whether with city trousers for a stroll or with a skirt for a meal out, for example. It&rsquo;s a wardrobe essential!<\/p>\n<p>Available in two versions: black and black batik print. This tie and dye print is unique, hand-painted. One size fits all.<\/p>\n<p>Made from high-quality materials: sustainable plant fibre (modal) and a little elastane for stretch.<\/p>\n<p>Try this crop top, you won&rsquo;t be able to do without it on the carpet or anywhere else!<\/p>\n<p>&nbsp;<\/p>\n<p>[button title=\u00a0\u00bbSize chart\u00a0\u00bb link=\u00a0\u00bbhttps:\/\/www.yoga-nest.com\/tailles\u00a0\u00bb target=\u00a0\u00bb_blank\u00a0\u00bb align=\u00a0\u00bbcenter\u00a0\u00bb icon=\u00a0\u00bb\u00a0\u00bb icon_position=\u00a0\u00bb\u00a0\u00bb color=\u00a0\u00bb\u00a0\u00bb font_color=\u00a0\u00bb\u00a0\u00bb size=\u00a0\u00bb2&Prime; full_width=\u00a0\u00bb\u00a0\u00bb class=\u00a0\u00bbbouttontaille\u00a0\u00bb download=\u00a0\u00bb\u00a0\u00bb rel=\u00a0\u00bb\u00a0\u00bb]<\/p>\n<p>&nbsp;<\/p>\n<p style=\"text-align: center;\">Is your size or your favourite colour missing ? <a href=\"mailto:serviceclients@yoga-nest.com\">Contact us<\/a><\/p>\n","protected":false},"featured_media":2273,"comment_status":"open","ping_status":"open","template":"","meta":[],"product_cat":[117,102,158],"product_tag":[77],"_links":{"self":[{"href":"https:\/\/yoganest.vaniseo.pro\/index.php\/wp-json\/wp\/v2\/product\/2276"}],"collection":[{"href":"https:\/\/yoganest.vaniseo.pro\/index.php\/wp-json\/wp\/v2\/product"}],"about":[{"href":"https:\/\/yoganest.vaniseo.pro\/index.php\/wp-json\/wp\/v2\/types\/product"}],"replies":[{"embeddable":true,"href":"https:\/\/yoganest.vaniseo.pro\/index.php\/wp-json\/wp\/v2\/comments?post=2276"}],"wp:featuredmedia":[{"embeddable":true,"href":"https:\/\/yoganest.vaniseo.pro\/index.php\/wp-json\/wp\/v2\/media\/2273"}],"wp:attachment":[{"href":"https:\/\/yoganest.vaniseo.pro\/index.php\/wp-json\/wp\/v2\/media?parent=2276"}],"wp:term":[{"taxonomy":"product_cat","embeddable":true,"href":"https:\/\/yoganest.vaniseo.pro\/index.php\/wp-json\/wp\/v2\/product_cat?post=2276"},{"taxonomy":"product_tag","embeddable":true,"href":"https:\/\/yoganest.vaniseo.pro\/index.php\/wp-json\/wp\/v2\/product_tag?post=2276"}],"curies":[{"name":"wp","href":"https:\/\/api.w.org\/{rel}","templated":true}]}}