{"id":2022,"date":"2023-07-01T21:43:43","date_gmt":"2023-07-01T19:43:43","guid":{"rendered":"https:\/\/yoganest.vaniseo.pro\/index.php\/product\/sweat-shirt-jumper-velours-komana\/"},"modified":"2024-03-06T15:53:52","modified_gmt":"2024-03-06T14:53:52","slug":"sweat-shirt-jumper-velours-komana","status":"publish","type":"product","link":"https:\/\/yoganest.vaniseo.pro\/index.php\/product\/sweat-shirt-jumper-velours-komana\/","title":{"rendered":"Sweat shirt Jumper Velours | Komana"},"content":{"rendered":"<p><span style=\"font-weight: 400;\">Le sweat shirt est un indispensable de la garde robe, on le collectionne de toutes les couleurs. Avec le Jumper Velours, on ajoute maintenant la mati\u00e8re ! <\/span><b>Ce sweat shirt en velours est sublime, son rendu est tr\u00e8s sophistiqu\u00e9.<\/b><\/p>\n<ul>\n<li style=\"font-weight: 400;\" aria-level=\"1\"><span style=\"font-weight: 400;\">La coupe d\u00e9contract\u00e9e allie aisance et style, il tombe parfaitement sans se d\u00e9tendre.<\/span><\/li>\n<li style=\"font-weight: 400;\" aria-level=\"1\"><span style=\"font-weight: 400;\">La couture de la manche se trouve un peu plus bas que l\u2019\u00e9paule, ce qui donne un style moins ordinaire, plus casual \u00e0 ce sweat shirt.<\/span><\/li>\n<li style=\"font-weight: 400;\" aria-level=\"1\"><span style=\"font-weight: 400;\">Les poignets et l\u2019\u00e9lastique \u00e0 la taille sont en tissu c\u00f4tel\u00e9 \u00e9pais. Ces finitions soign\u00e9es assurent une durabilit\u00e9 et un ajustement parfait du sweat.<\/span><\/li>\n<li style=\"font-weight: 400;\" aria-level=\"1\"><span style=\"font-weight: 400;\">Le col est aussi fait avec un tissu c\u00f4tel\u00e9, pour une bonne tenue.<\/span><\/li>\n<li style=\"font-weight: 400;\" aria-level=\"1\"><span style=\"font-weight: 400;\">Le velours est de tr\u00e8s bonne qualit\u00e9, tout doux et ultra confortable.<\/span><\/li>\n<li style=\"font-weight: 400;\" aria-level=\"1\"><span style=\"font-weight: 400;\">Les deux couleurs disponibles sont adapt\u00e9es \u00e0 toutes les saisons: l\u2019\u00e9cru apporte une touche de fra\u00eecheur \u00e0 une tenue, le rouge a un c\u00f4t\u00e9 plus affirm\u00e9.<\/span><\/li>\n<li style=\"font-weight: 400;\" aria-level=\"1\"><span style=\"font-weight: 400;\">Il taille normalement, mais peut \u00eatre port\u00e9 une taille au-dessus pour un effet plus oversize.<\/span><\/li>\n<\/ul>\n<p>[accordion title=\u00a0\u00bb\u00a0\u00bb open1st=\u00a0\u00bb0&Prime; openAll=\u00a0\u00bb0&Prime;][accordion_item title=\u00a0\u00bbEntretien\u00a0\u00bb]<span style=\"font-weight: 400;\">Voici quelques conseils pour laver et entretenir votre legging jogging en coton :\u00a0<\/span><\/p>\n<ul>\n<li style=\"font-weight: 400;\" aria-level=\"1\"><span style=\"font-weight: 400;\">Privil\u00e9giez le lavage \u00e0 la main ou \u00e0 une temp\u00e9rature maximale de 30\u00b0 au lave-linge <\/span><\/li>\n<li style=\"font-weight: 400;\" aria-level=\"1\"><span style=\"font-weight: 400;\">Laissez-le s\u00e9cher \u00e0 l&rsquo;air libre, hors s\u00e8che-linge<\/span><\/li>\n<li style=\"font-weight: 400;\" aria-level=\"1\">Si vous souhaitez le repasser, s\u00e9lectionnez une temp\u00e9rature adapt\u00e9e[\/accordion_item][\/accordion][accordion title=\u00a0\u00bb\u00a0\u00bb open1st=\u00a0\u00bb0&Prime; openAll=\u00a0\u00bb0&Prime;][accordion_item title=\u00a0\u00bbTypes d&rsquo;activit\u00e9s\u00a0\u00bb]Pilates, Yoga styles Yin (Yin, Restauratif), Yoga Nidra, M\u00e9ditation, Mindfulness, Kundalini Yoga, Yoga a\u00e9rien, Yoga en plein air, Yoga en voyage, Stretching, streetwear, casualwear, cocooning \u00e0 la maison[\/accordion_item][\/accordion][accordion title=\u00a0\u00bb\u00a0\u00bb open1st=\u00a0\u00bb0&Prime; openAll=\u00a0\u00bb0&Prime;][accordion_item title=\u00a0\u00bbPourquoi on adore ce produit\u00a0\u00bb]Pour son style polyvalent ! <b>Ce sweat-shirt peut \u00eatre port\u00e9 de diff\u00e9rentes mani\u00e8res<\/b>, que ce soit associ\u00e9 \u00e0 un pantalon habill\u00e9 et une chemise pour une tenue chic, ou avec un jean pour un look plus d\u00e9contract\u00e9.\u00a0<span style=\"font-weight: 400;\">\u00c9videmment, on le porte aussi pour aller \u00e0 sa s\u00e9ance de sport avec un <\/span><a href=\"https:\/\/www.yoga-nest.com\/boutique-yoga-shop\/legging-de-sport-lilly\/\"><span style=\"font-weight: 400;\">legging de sport<\/span><\/a> notamment avec le <a href=\"https:\/\/www.yoga-nest.com\/boutique-yoga-shop\/leggings-de-yoga-et-de-ville-komana\/\">legging Komana<\/a>, propos\u00e9 en plusieurs motifs<span style=\"font-weight: 400;\">, ou pour la relaxation \u00e0 la fin d\u2019une pratique de yoga.<\/span><span style=\"font-weight: 400;\">Il s&rsquo;adapte \u00e0 toutes les occasions et ajoute une note de sophistication \u00e0 votre style. <\/span>[\/accordion_item][\/accordion][accordion title=\u00a0\u00bb\u00a0\u00bb open1st=\u00a0\u00bb0&Prime; openAll=\u00a0\u00bb0&Prime; style=\u00a0\u00bb\u00a0\u00bb][accordion_item title=\u00a0\u00bbPaiement, livraison &amp; retours\u00a0\u00bb]Pour les informations sur les alternatives de paiement, de livraison et les retours, merci de cliquer <a class=\"linkcgv\" href=\"https:\/\/www.yoga-nest.com\/paiement-livraison-retours\/\" target=\"_blank\" rel=\"noopener\">ICI<\/a>.[\/accordion_item][\/accordion]<\/li>\n<\/ul>\n<p>&nbsp;<\/p>\n<p><span style=\"color: #b01da4;\"><b>La Marque<\/b><\/span><\/p>\n<p><strong>Komana \u2013 La marque responsable cr\u00e9\u00e9e par deux s\u0153urs suisses, Nina &amp; Livia<\/strong><\/p>\n<p><span style=\"font-weight: 400;\">Leur but ? Cr\u00e9er des v\u00eatements durables et intemporels avec des imprim\u00e9s \u00e9clectiques tout en respectant l\u2019environnement et le travail \u00e9quitable. Cette tr\u00e8s jolie marque imagine des imprim\u00e9s qui nous invitent \u00e0 un voyage \u00e0 travers diff\u00e9rentes cultures.<\/span><\/p>\n<p><span style=\"font-weight: 400;\">Les motifs sont dessin\u00e9s \u00e0 l\u2019encre \u00e0 la main puis imprim\u00e9s sur les textiles avec des s\u00e9rigraphies, des impressions num\u00e9riques ainsi que des gravures sur bois artisanales.<\/span><\/p>\n<p><span style=\"font-weight: 400;\">La fabrication \u00e9quitable se fait \u00e0 Jaipur, en Inde, ainsi qu&rsquo;\u00e0 Londres, au Royaume-Uni.<\/span><br style=\"font-weight: 400;\" \/><br style=\"font-weight: 400;\" \/><\/p>\n","protected":false},"excerpt":{"rendered":"<p><span style=\"font-weight: 400;\">Apportez une touche d\u2019originalit\u00e9 \u00e0 votre tenue gr\u00e2ce \u00e0 ce tr\u00e8s joli <\/span><b>sweat shirt en velours<\/b><span style=\"font-weight: 400;\"> de la marque Komana. Il se porte dans toutes les occasions, de la tenue d\u00e9contract\u00e9e \u00e0 la plus habill\u00e9e. On s&rsquo;imagine tr\u00e8s bien l\u2019enfiler pour aller \u00e0 une activit\u00e9 sportive \u00a0et aussi au quotidien, \u00e0 la maison ou pour sortir en ville, car il est particuli\u00e8rement raffin\u00e9.<\/span><\/p>\n<p><span style=\"font-weight: 400;\">La coupe de ce sweat est parfaite, simple mais \u00e9l\u00e9gante avec ses manches l\u00e9g\u00e8rement ballonn\u00e9es. Les \u00e9paules tombantes cassent le c\u00f4t\u00e9 tr\u00e8s classique du sweat. Le Jumper Velours offre une libert\u00e9 de mouvement et un confort optimal avec son tissu tout doux et ses larges \u00e9lastiques aux poignets et \u00e0 la ceinture.<\/span><\/p>\n<p><span style=\"font-weight: 400;\">Le velours est fabriqu\u00e9 \u00e0 partir de coton biologique de qualit\u00e9 sup\u00e9rieure. C\u2019est un sweat-shirt parfait pour cr\u00e9er des looks tendances mais 100% confort.<\/span><\/p>\n<p><span style=\"font-weight: 400;\">Le sweat shirt Jumper Velours est confectionn\u00e9 \u00e0 Londres, au Royaume Uni. Les couleurs propos\u00e9es sont tr\u00e8s belles, et s\u2019adaptent parfaitement \u00e0 toutes nos tenues.<\/span><\/p>\n<p><span style=\"font-weight: 400;\">Soyez pr\u00eat.e \u00e0 briller dans toutes les situations avec votre sweat shirt Jumper Velours !<\/span><\/p>\n<p>&nbsp;<\/p>\n<p class=\"manquante\" style=\"text-align: center;\">Taille ou couleur manquante ? <a href=\"mailto:serviceclients@yoga-nest.com\">Contactez-nous<\/a><\/p>\n","protected":false},"featured_media":2023,"comment_status":"open","ping_status":"open","template":"","meta":[],"product_cat":[62,94],"product_tag":[221],"_links":{"self":[{"href":"https:\/\/yoganest.vaniseo.pro\/index.php\/wp-json\/wp\/v2\/product\/2022"}],"collection":[{"href":"https:\/\/yoganest.vaniseo.pro\/index.php\/wp-json\/wp\/v2\/product"}],"about":[{"href":"https:\/\/yoganest.vaniseo.pro\/index.php\/wp-json\/wp\/v2\/types\/product"}],"replies":[{"embeddable":true,"href":"https:\/\/yoganest.vaniseo.pro\/index.php\/wp-json\/wp\/v2\/comments?post=2022"}],"wp:featuredmedia":[{"embeddable":true,"href":"https:\/\/yoganest.vaniseo.pro\/index.php\/wp-json\/wp\/v2\/media\/2023"}],"wp:attachment":[{"href":"https:\/\/yoganest.vaniseo.pro\/index.php\/wp-json\/wp\/v2\/media?parent=2022"}],"wp:term":[{"taxonomy":"product_cat","embeddable":true,"href":"https:\/\/yoganest.vaniseo.pro\/index.php\/wp-json\/wp\/v2\/product_cat?post=2022"},{"taxonomy":"product_tag","embeddable":true,"href":"https:\/\/yoganest.vaniseo.pro\/index.php\/wp-json\/wp\/v2\/product_tag?post=2022"}],"curies":[{"name":"wp","href":"https:\/\/api.w.org\/{rel}","templated":true}]}}