{"id":1974,"date":"2023-06-21T05:02:05","date_gmt":"2023-06-21T03:02:05","guid":{"rendered":"https:\/\/yoganest.vaniseo.pro\/index.php\/product\/leggings-de-yoga-et-de-ville-komana\/"},"modified":"2024-03-06T15:53:38","modified_gmt":"2024-03-06T14:53:38","slug":"leggings-de-yoga-et-de-ville-komana","status":"publish","type":"product","link":"https:\/\/yoganest.vaniseo.pro\/index.php\/product\/leggings-de-yoga-et-de-ville-komana\/","title":{"rendered":"Leggings de yoga et de ville | Komana"},"content":{"rendered":"<p><span style=\"font-weight: 400;\">La marque Komana propose une approche exclusive et artistique avec cette gamme de leggings originaux, qui conviennent autant pour le yoga que pour d&rsquo;autres activit\u00e9s de mouvement et \u00e0 la ville. Ils sont super confortables gr\u00e2ce au tissu tr\u00e8s fin, naturel et \u00e9lastique.<\/span><\/p>\n<p><span style=\"font-weight: 400;\">Les motifs graphiques et modernes se d\u00e9tachent sur fond noir. Ils ont tous une repr\u00e9sentation sp\u00e9cifique :\u00a0<\/span><\/p>\n<ul>\n<li style=\"font-weight: 400;\" aria-level=\"1\"><span style=\"font-weight: 400;\">Le serpent Komana de l\u2019imprim\u00e9 \u201cMedusa\u201d repr\u00e9sente les personnes fortes et puissantes qui les portent, symbolisant la renaissance, la transformation et la gu\u00e9rison.<\/span><\/li>\n<li style=\"font-weight: 400;\" aria-level=\"1\"><span style=\"font-weight: 400;\">L\u2019imprim\u00e9 \u00ab\u00a0Vasarely Eye\u00a0\u00bb rend hommage aux \u0153uvres du mouvement OP-ART.<\/span><\/li>\n<li style=\"font-weight: 400;\" aria-level=\"1\"><span style=\"font-weight: 400;\">Les illustrations \u201cMagical sky\u201d d&rsquo;objets stellaires nous font voyager dans l\u2019espace.<\/span><\/li>\n<li style=\"font-weight: 400;\" aria-level=\"1\"><span style=\"font-weight: 400;\">Sur le mod\u00e8le \u201cFabula rasa\u201d, les motifs ludiques de cr\u00e9atures fantaisistes et d&rsquo;adorables animaux de conte de f\u00e9es nous plonge dans un joli univers imaginaire.<\/span><\/li>\n<li>Quant au \u00ab\u00a0Delight\u00a0\u00bb, c&rsquo;est un hommage aux swinging sixties.<\/li>\n<\/ul>\n<p><span style=\"font-weight: 400;\">Le legging de yoga de la marque Komana a \u00e9t\u00e9 coup\u00e9 taille haute, avec des jambes longues et une taille \u00e9lastique pour un confort maximal.<\/span><\/p>\n<p><span style=\"font-weight: 400;\">Conseil taille : si vous \u00eates entre deux tailles, nous vous conseillons de prendre la taille au-dessus pour plus de confort.<\/span><\/p>\n<p>[accordion title=\u00a0\u00bb\u00a0\u00bb open1st=\u00a0\u00bb0&Prime; openAll=\u00a0\u00bb0&Prime;][accordion_item title=\u00a0\u00bbEntretien\u00a0\u00bb]<span style=\"font-weight: 400;\">Voici quelques conseils pour laver et entretenir votre legging jogging en coton :\u00a0<\/span><\/p>\n<ul>\n<li style=\"font-weight: 400;\" aria-level=\"1\"><span style=\"font-weight: 400;\">Privil\u00e9giez le lavage \u00e0 la main ou \u00e0 une temp\u00e9rature maximale de 30\u00b0 au lave-linge <\/span><\/li>\n<li style=\"font-weight: 400;\" aria-level=\"1\"><span style=\"font-weight: 400;\">Laissez-le s\u00e9cher \u00e0 l&rsquo;air libre, hors s\u00e8che-linge<\/span><\/li>\n<li style=\"font-weight: 400;\" aria-level=\"1\"><span style=\"font-weight: 400;\">N&rsquo;utilisez pas de javel&#8230;<\/span>[\/accordion_item][\/accordion][accordion title=\u00a0\u00bb\u00a0\u00bb open1st=\u00a0\u00bb0&Prime; openAll=\u00a0\u00bb0&Prime;][accordion_item title=\u00a0\u00bbTypes d&rsquo;activit\u00e9s\u00a0\u00bb]Pilates, Yoga styles Yin (Yin, Restauratif), Yoga styles Yang (Hatha, Vinyasa-Flow, Ashtanga, Power, Yoga Nidra, M\u00e9ditation, Mindfulness, Iyengar Yoga, Kundalini Yoga, Yoga a\u00e9rien, Yoga en plein air, Yoga en voyage, Stretching, Workout, gymnastique, Crossfit, sports en ext\u00e9rieur (bootcamp, running, marche nordique, randonn\u00e9e\u2026), streetwear, casualwear, cocooning \u00e0 la maison[\/accordion_item][\/accordion][accordion title=\u00a0\u00bb\u00a0\u00bb open1st=\u00a0\u00bb0&Prime; openAll=\u00a0\u00bb0&Prime;][accordion_item title=\u00a0\u00bbPourquoi on adore ce produit\u00a0\u00bb]<span style=\"font-weight: 400;\">Pour son confort et son originalit\u00e9 ! On adore le style r\u00e9solument urbain de ces leggings.\u00a0<\/span><span style=\"font-weight: 400;\">On s\u2019imagine tr\u00e8s bien porter l\u2019un de ces leggings pour sortir en ville avec un joli sweat shirt Jumper velour, ou une veste en jeans pour casser le c\u00f4t\u00e9 sportif.<\/span><span style=\"font-weight: 400;\">Associ\u00e9 \u00e0 un haut plus chic, la tenue devient sophistiqu\u00e9e pour sortir boire un verre en ville ou aller au restaurant.<\/span>[\/accordion_item][\/accordion][accordion title=\u00a0\u00bb\u00a0\u00bb open1st=\u00a0\u00bb0&Prime; openAll=\u00a0\u00bb0&Prime; style=\u00a0\u00bb\u00a0\u00bb][accordion_item title=\u00a0\u00bbPaiement, livraison &amp; retours\u00a0\u00bb]Pour les informations sur les alternatives de paiement, de livraison et les retours, merci de cliquer <a class=\"linkcgv\" href=\"https:\/\/www.yoga-nest.com\/paiement-livraison-retours\/\" target=\"_blank\" rel=\"noopener\">ICI<\/a>.[\/accordion_item][\/accordion]<\/li>\n<\/ul>\n<p>&nbsp;<\/p>\n<p><span style=\"color: #b01da4;\"><b>La Marque<\/b><\/span><\/p>\n<p><strong>Komana \u2013 La marque responsable cr\u00e9\u00e9e par deux s\u0153urs suisses, Nina &amp; Livia<\/strong><\/p>\n<p><span style=\"font-weight: 400;\">Leur but ? Cr\u00e9er des v\u00eatements durables et intemporels avec des imprim\u00e9s \u00e9clectiques tout en respectant l\u2019environnement et le travail \u00e9quitable. Cette tr\u00e8s jolie marque imagine des imprim\u00e9s qui nous invitent \u00e0 un voyage \u00e0 travers diff\u00e9rentes cultures.<\/span><\/p>\n<p><span style=\"font-weight: 400;\">Les motifs sont dessin\u00e9s \u00e0 l\u2019encre \u00e0 la main puis imprim\u00e9s sur les textiles avec des s\u00e9rigraphies, des impressions num\u00e9riques ainsi que des gravures sur bois artisanales.<\/span><\/p>\n<p><span style=\"font-weight: 400;\">La fabrication \u00e9quitable se fait \u00e0 Jaipur, en Inde, ainsi qu&rsquo;\u00e0 Londres, au Royaume-Uni.<\/span><br style=\"font-weight: 400;\" \/><br style=\"font-weight: 400;\" \/><\/p>\n","protected":false},"excerpt":{"rendered":"<p><span style=\"font-weight: 400;\">D\u00e9couvrez les sublimes leggings de la marque Komana. Des imprim\u00e9s hyper originaux qui nous font voyager, se d\u00e9marquent et apportent une touche tr\u00e8s styl\u00e9e !<\/span><\/p>\n<p><span style=\"font-weight: 400;\">Le tissu est fin, il est tr\u00e8s agr\u00e9able pour toutes les activit\u00e9s de mouvement, un peu comme une seconde peau. Vous vous sentirez tr\u00e8s \u00e0 l\u2019aise pour faire une s\u00e9ance de yoga, m\u00eame lors de mouvements intenses et acrobatiques ! Il est aussi tr\u00e8s agr\u00e9able \u00e0 porter pour une sortie dans la nature, pour de la course \u00e0 pied ou de la randonn\u00e9e. La coupe hyper confortable du legging appelle bien entendu \u00e0 une s\u00e9ance de relaxation ou de m\u00e9ditation.<\/span><\/p>\n<p><span style=\"font-weight: 400;\">Il se porte \u00e9videmment en tant que legging de sport mais aussi en tant que pantalon au quotidien pour se balader ou sortir entre amis. Le confort + le style, que demander de plus ?<\/span><\/p>\n<p><span style=\"font-weight: 400;\">Il est compos\u00e9 de 95% de jersey de coton biologique certifi\u00e9 GOTS et de 5% d&rsquo;\u00e9lasthanne pour le c\u00f4t\u00e9 stretch.<\/span><\/p>\n<p><span style=\"font-weight: 400;\">Rien de tel que de se glisser dans ce legging de sport et de se laisser porter par sa journ\u00e9e. Quelle que soit l\u2019activit\u00e9 pr\u00e9vue, il sera adapt\u00e9 \u00e0 vos besoins !<\/span><\/p>\n<p>&nbsp;<\/p>\n<p class=\"manquante\" style=\"text-align: center;\">Taille ou couleur manquante ? <a href=\"mailto:serviceclients@yoga-nest.com\">Contactez-nous<\/a><\/p>\n","protected":false},"featured_media":1975,"comment_status":"open","ping_status":"open","template":"","meta":[],"product_cat":[90,47,48,62],"product_tag":[221],"_links":{"self":[{"href":"https:\/\/yoganest.vaniseo.pro\/index.php\/wp-json\/wp\/v2\/product\/1974"}],"collection":[{"href":"https:\/\/yoganest.vaniseo.pro\/index.php\/wp-json\/wp\/v2\/product"}],"about":[{"href":"https:\/\/yoganest.vaniseo.pro\/index.php\/wp-json\/wp\/v2\/types\/product"}],"replies":[{"embeddable":true,"href":"https:\/\/yoganest.vaniseo.pro\/index.php\/wp-json\/wp\/v2\/comments?post=1974"}],"wp:featuredmedia":[{"embeddable":true,"href":"https:\/\/yoganest.vaniseo.pro\/index.php\/wp-json\/wp\/v2\/media\/1975"}],"wp:attachment":[{"href":"https:\/\/yoganest.vaniseo.pro\/index.php\/wp-json\/wp\/v2\/media?parent=1974"}],"wp:term":[{"taxonomy":"product_cat","embeddable":true,"href":"https:\/\/yoganest.vaniseo.pro\/index.php\/wp-json\/wp\/v2\/product_cat?post=1974"},{"taxonomy":"product_tag","embeddable":true,"href":"https:\/\/yoganest.vaniseo.pro\/index.php\/wp-json\/wp\/v2\/product_tag?post=1974"}],"curies":[{"name":"wp","href":"https:\/\/api.w.org\/{rel}","templated":true}]}}