{"id":1909,"date":"2023-06-13T21:58:47","date_gmt":"2023-06-13T19:58:47","guid":{"rendered":"https:\/\/yoganest.vaniseo.pro\/index.php\/product\/carillon-artisanal-koshi-heola-zaphir\/"},"modified":"2024-03-06T15:52:00","modified_gmt":"2024-03-06T14:52:00","slug":"carillon-artisanal-koshi-heola-zaphir","status":"publish","type":"product","link":"https:\/\/yoganest.vaniseo.pro\/index.php\/product\/carillon-artisanal-koshi-heola-zaphir\/","title":{"rendered":"Carillon artisanal  | Koshi &#8211; Heola &#8211; Zaphir"},"content":{"rendered":"<p><strong>KOSHIS<\/strong><\/p>\n<p><strong>Ces carillons en bambou sont disponibles en 4 m\u00e9lodies diff\u00e9rentes, selon les 4 \u00e9l\u00e9ments<\/strong>: Terra <span class=\"soft txtl ita\">(G C E F G C E G)<\/span>, Aqua <span class=\"soft txtl ita\">(A D F G A D F A \/ Pentatonique)<\/span>, Aria <span class=\"soft txtl ita\">(A C E A B C E B)<\/span> et Ignis <span class=\"soft txtl ita\">(G B D G B D G A \/ Pentatonique)<\/span>.<\/p>\n<p>Les gammes musicales sont les suivantes: <span class=\"bfaq\">TERRA &#8211;\u00a0<\/span><span class=\"margfaq\">C majeur \/ <\/span><span class=\"bfaq\">AQUA &#8211;\u00a0<\/span><span class=\"margfaq\">D mineur (pentatonique) \/ <\/span><span class=\"bfaq\">ARIA &#8211;\u00a0<\/span><span class=\"margfaq\">A mineur \/ <\/span><span class=\"bfaq\">IGNIS &#8211;\u00a0<\/span><span class=\"margfaq\">G majeur (pentatonique). <\/span>Chaque carillon Koshi a un timbre magique qui lui est exclusif et peut \u00eatre jou\u00e9 seul ou avec les autres en toute harmonie.<\/p>\n<div>\n<p><strong>HEOLA<\/strong><\/p>\n<p><strong>La gamme propose 8 carillons chimes en bois de h\u00eatre<\/strong> aux sonorit\u00e9s vari\u00e9es qui peuvent toutes se combiner entre elles. Ils sont nomm\u00e9s selon les plan\u00e8tes mais ne correspondent toutefois pas aux fr\u00e9quences des plan\u00e8tes. Qu\u2019il soit Jupiter, V\u00e9nus, Saturne, Mercure\u2026, le carillon HEOLA chante la m\u00e9lodie de l\u2019Univers, proche ou lointain.<\/p>\n<p><strong>ZAPHIR<\/strong><\/p>\n<p><strong>La gamme Zaphir propose 5 sons, nomm\u00e9s en fonction des 5 saisons et des \u00e9l\u00e9ments selon l&rsquo;approche Feng Shui.<\/strong><\/p>\n<p><strong>Crystalide<\/strong> vert \u2013 G A B D A G B D \u00a0(printemps) \/ <strong>Sunray<\/strong> rouge \u2013 G#B C#E G#E A C# \u00a0(\u00e9t\u00e9) \/ <strong>Twilight<\/strong> jaune \u2013 E G B C E G B C \u00a0(automne)\/ <strong>Sufi<\/strong> violet \u2013 F A D F A G A D \u00a0(interm\u00e9diaire) \/ <strong>Blue Moon<\/strong> bleu\u2013 D F A B C E A#C \u00a0(hiver)<\/p>\n<\/div>\n<div><strong>Tous les carillons chimes des 3 marques Saphir, Heolia et Koshi sont fabriqu\u00e9s artisanalement en France. Pour \u00e9couter leurs sonorit\u00e9s et notes exclusives, nous vous invitons \u00e0 visiter les sites des marques:\u00a0<\/strong><a href=\"https:\/\/koshi.fr\/fr\/\">Koshi<\/a>\u00a0 \/\u00a0<a href=\"https:\/\/heola.fr\/fr\/\">Heola<\/a> \/\u00a0<a href=\"https:\/\/zaphir.fr\/fr\/about_zaphirs_francais\/\">Zaphir<\/a><\/div>\n<p>[accordion title=\u00a0\u00bb\u00a0\u00bb open1st=\u00a0\u00bb0&Prime; openAll=\u00a0\u00bb0&Prime;][accordion_item title=\u00a0\u00bbEntretien\u00a0\u00bb]<span style=\"font-weight: 400;\">Pour prendre soin de votre carillon, ne le laissez pas \u00e0 l&rsquo;ext\u00e9rieur sauf si la temp\u00e9rature ext\u00e9rieure est douce et qu&rsquo;il est \u00e0 couvert. Prot\u00e9gez-le de l&rsquo;humidit\u00e9. Pour plus de recommandations, merci de consulter les pages des marques.<\/span>[\/accordion_item][\/accordion][accordion title=\u00a0\u00bb\u00a0\u00bb open1st=\u00a0\u00bb0&Prime; openAll=\u00a0\u00bb0&Prime;][accordion_item title=\u00a0\u00bbTypes d&rsquo;activit\u00e9s\u00a0\u00bb]Yoga styles Yin (Yin, Restauratif), Yoga styles Yang (Hatha, Vinyasa-Flow, Ashtanga, Power), Yoga Nidra, M\u00e9ditation, Mindfulness, Iyengar Yoga, Kundalini Yoga, Yoga a\u00e9rien, Yoga en plein air, Yoga en voyage, Relaxation \u00e0 la maison, Bains et soins sonores, Sound healing[\/accordion_item][\/accordion][accordion title=\u00a0\u00bb\u00a0\u00bb open1st=\u00a0\u00bb0&Prime; openAll=\u00a0\u00bb0&Prime;][accordion_item title=\u00a0\u00bbPourquoi on adore ce produit\u00a0\u00bb]XXX[\/accordion_item][\/accordion][accordion title=\u00a0\u00bb\u00a0\u00bb open1st=\u00a0\u00bb0&Prime; openAll=\u00a0\u00bb0&Prime; style=\u00a0\u00bb\u00a0\u00bb][accordion_item title=\u00a0\u00bbPaiement, livraison &amp; retours\u00a0\u00bb]Pour les informations sur les alternatives de paiement, de livraison et les retours, merci de cliquer <a class=\"linkcgv\" href=\"https:\/\/www.yoga-nest.com\/paiement-livraison-retours\/\" target=\"_blank\" rel=\"noopener\">ICI<\/a>.[\/accordion_item][\/accordion]<\/p>\n","protected":false},"excerpt":{"rendered":"<p>Les carillons des marques Koshi, Zaphir et Heola sont des instruments de musique con\u00e7us pour produire des sons harmonieux et apaisants. Bien qu&rsquo;ils soient con\u00e7us et fabriqu\u00e9s par 3 diff\u00e9rentes marques, ils ont des caract\u00e9ristiques similaires tout en arborant chacun leur design et en proposant des sonorit\u00e9s l\u00e9g\u00e8rement diff\u00e9rentes.<\/p>\n<p>Ces instruments sont souvent utilis\u00e9s \u00e0 des fins de relaxation, de m\u00e9ditation et de th\u00e9rapie sonore (sonoth\u00e9rapie). Utilisez-les par exemple pour vous relaxer, accompagner une m\u00e9ditation guid\u00e9e ou une pratique du yoga ou tout simplement pour cr\u00e9er une ambiance apaisante dans votre environnement. Ils font notamment des merveilles pour guider des enfants surexcit\u00e9s vers plus de calme&#8230;<\/p>\n<p>Les carillons Zaphir, Koshi et Heola sont particuli\u00e8rement appr\u00e9ci\u00e9s dans le cadre de Bains sonores en groupe ou de Soins sonores individuels. Pour en savoir plus sur leurs notes et m\u00e9lodies, consultez la rubrique Description.<\/p>\n<p>&nbsp;<\/p>\n<p class=\"manquante\" style=\"text-align: center;\">Mod\u00e8le manquant ? <a href=\"mailto:serviceclients@yoga-nest.com\">Contactez-nous<\/a><\/p>\n","protected":false},"featured_media":1910,"comment_status":"open","ping_status":"open","template":"","meta":[],"product_cat":[20,92],"product_tag":[213],"_links":{"self":[{"href":"https:\/\/yoganest.vaniseo.pro\/index.php\/wp-json\/wp\/v2\/product\/1909"}],"collection":[{"href":"https:\/\/yoganest.vaniseo.pro\/index.php\/wp-json\/wp\/v2\/product"}],"about":[{"href":"https:\/\/yoganest.vaniseo.pro\/index.php\/wp-json\/wp\/v2\/types\/product"}],"replies":[{"embeddable":true,"href":"https:\/\/yoganest.vaniseo.pro\/index.php\/wp-json\/wp\/v2\/comments?post=1909"}],"wp:featuredmedia":[{"embeddable":true,"href":"https:\/\/yoganest.vaniseo.pro\/index.php\/wp-json\/wp\/v2\/media\/1910"}],"wp:attachment":[{"href":"https:\/\/yoganest.vaniseo.pro\/index.php\/wp-json\/wp\/v2\/media?parent=1909"}],"wp:term":[{"taxonomy":"product_cat","embeddable":true,"href":"https:\/\/yoganest.vaniseo.pro\/index.php\/wp-json\/wp\/v2\/product_cat?post=1909"},{"taxonomy":"product_tag","embeddable":true,"href":"https:\/\/yoganest.vaniseo.pro\/index.php\/wp-json\/wp\/v2\/product_tag?post=1909"}],"curies":[{"name":"wp","href":"https:\/\/api.w.org\/{rel}","templated":true}]}}