{"id":1645,"date":"2023-05-10T23:22:35","date_gmt":"2023-05-10T21:22:35","guid":{"rendered":"https:\/\/yoganest.vaniseo.pro\/index.php\/product\/tapis-liege-pliable-voyage-sur-tapis\/"},"modified":"2024-03-06T15:44:27","modified_gmt":"2024-03-06T14:44:27","slug":"tapis-liege-pliable-voyage-sur-tapis","status":"publish","type":"product","link":"https:\/\/yoganest.vaniseo.pro\/index.php\/product\/tapis-liege-pliable-voyage-sur-tapis\/","title":{"rendered":"Tapis Li\u00e8ge pliable | voyage &#038; sur-tapis"},"content":{"rendered":"<p>\u00c0 quoi sert un tapis fin et pliable? On peut utiliser ce tapis ultra-fin et l\u00e9ger comme tapis de voyage ou comme sur-tapis qu&rsquo;on pose sur un autre tapis. On peut ainsi utiliser le tapis que nous pr\u00eate le studio o\u00f9 on pratique tout en ayant notre surface de contact personnelle, hygi\u00e9nique, de la mati\u00e8re qu&rsquo;on pr\u00e9f\u00e8re.<\/p>\n<p>Les tapis ultra-fins propos\u00e9s par YOGANEST, qu&rsquo;ils soient en li\u00e8ge ou en velours, ont une fine sous-couche uniforme en caoutchouc naturel. Ils restent en place sans faire des plis ou se retourner lorsqu&rsquo;on bouge &#8211; m\u00eame lorsqu&rsquo;on saute par exemple comme en Ashtanga. C&rsquo;est une avantage certain par rapport aux \u00ab\u00a0yoga towels\u00a0\u00bb qui, m\u00eame avec des picots, ont tendance \u00e0 bouger un peu trop&#8230;<\/p>\n<p>Les Tapis pliables de Yogamatata ont aussi l&rsquo;avantage d&rsquo;\u00eatre constitu\u00e9s d&rsquo;une mati\u00e8re naturelle, issue des ch\u00eanes-li\u00e8ges. Fait important, la conception, l&rsquo;origine et la production des briques Yogamatata sont 100% europ\u00e9ennes (France et Portugal).<\/p>\n<p>Le tapis Yogamatata est pliable et donc facile \u00e0 mettre dans sa valise, son sac de sport ou un. sac fourre-tout. Nous vous conseillons autrement de le porter dans un <a href=\"https:\/\/www.yoga-nest.com\/boutique-yoga-shop\/sac-a-tapis-gold-print\/\">Sac \u00e0 tapis<\/a> qui le gardera \u00e0 l&rsquo;abri des chocs et frottements. Nos sacs sont suffisamment spacieux pour y mettre aussi un Sweat, une serviette de place ou une veste de pluie et vous permettront de vous d\u00e9placer en s\u00e9curit\u00e9 \u00e0 v\u00e9lo avec votre tapis sur le dos en bandouli\u00e8re.<\/p>\n<p>Si vous pr\u00e9f\u00e9rez une mati\u00e8re autre que le li\u00e8ge, explorez le <a href=\"https:\/\/www.yoga-nest.com\/boutique-yoga-shop\/tapis-velours-yoga-towel-voyage\/\">Tapis de voyage pliable en velours<\/a>.<\/p>\n<p>[accordion title=\u00a0\u00bb\u00a0\u00bb open1st=\u00a0\u00bb0&Prime; openAll=\u00a0\u00bb0&Prime;][accordion_item title=\u00a0\u00bbEntretien\u00a0\u00bb]Voici comment prendre soin de votre tapis en li\u00e8ge:<\/p>\n<ul>\n<li><span lang=\"FR-CH\">Ne pas laver en machine, ni utiliser du savon!<\/span><\/li>\n<li><span lang=\"FR-CH\">Pour le nettoyer de temps en temps, vaporisez avec un d\u00e9tachement-d\u00e9sinfectant fait maison (conseils de la marque Yogamatata): \u00bd eau ou hydrolat floral + \u00bd vinaigre blanc de m\u00e9nage + juste quelques gouttes d&rsquo;huiles essentielles si vous en avez envie. Puis frottez doucement avec une \u00e9ponge douce ou un chiffon micro-fibre propre<\/span><\/li>\n<li>Le <span lang=\"FR-CH\">\u00a0<a href=\"https:\/\/www.yoga-nest.com\/boutique-yoga-shop\/spray-nettoyant-tapis-ambiance\/\">Spray Yogom<\/a><\/span>\u00a0peut aussi convenir, il ne contient ni vinaigre, ni alcool<\/li>\n<li>Laissez toujours votre tapis s\u00e9cher compl\u00e8tement (\u00e0 l&rsquo;ombre) avant de le rouler ou le plier.\u00a0[\/accordion_item][\/accordion]<\/li>\n<\/ul>\n<p>[accordion title=\u00a0\u00bb\u00a0\u00bb open1st=\u00a0\u00bb0&Prime; openAll=\u00a0\u00bb0&Prime; style=\u00a0\u00bb\u00a0\u00bb][accordion_item title=\u00a0\u00bbTypes d&rsquo;activit\u00e9s\u00a0\u00bb]<span style=\"font-weight: 400;\">Yin Yoga, Yoga Restorative, Hatha Yoga, Vinyasa Flow Yoga, Ashtanga Yoga, Power Yoga, Iyengar yoga, Yoga pr\u00e9natal, Automassage Myofascial, Stretching, Cocooning \u00e0 la maison<\/span>[\/accordion_item][\/accordion]<\/p>\n<p>[accordion title=\u00a0\u00bb\u00a0\u00bb open1st=\u00a0\u00bb0&Prime; openAll=\u00a0\u00bb0&Prime; style=\u00a0\u00bb\u00a0\u00bb][accordion_item title=\u00a0\u00bbPourquoi on adore ce produit\u00a0\u00bb]On adore sa mati\u00e8re qui cumule beaucoup d&rsquo;atouts: naturelle, hygi\u00e9nique, hypoallerg\u00e9nique et antimicrobienne, tr\u00e8s facile d&rsquo;entretien.<\/p>\n<p>Ce tapis hyper-l\u00e9ger et pliable en fait le meilleur compagnon de voyage ou de d\u00e9placement: que ce soit pour aller loin ou juste au studio du quartier.<\/p>\n<p>Ses motifs graphiques dessin\u00e9s au laser sur le ton naturel du li\u00e8ge lui conf\u00e8re un style moderne. Et si on le pr\u00e9f\u00e8re neutre, c&rsquo;est possible aussi![\/accordion_item][\/accordion]<\/p>\n<p>[accordion title=\u00a0\u00bb\u00a0\u00bb open1st=\u00a0\u00bb0&Prime; openAll=\u00a0\u00bb0&Prime; style=\u00a0\u00bb\u00a0\u00bb][accordion_item title=\u00a0\u00bbPaiements, livraison &amp; retours\u00a0\u00bb]Pour les informations sur les alternatives de paiement, de livraison et les retours, merci de cliquer\u00a0<a class=\"linkcgv\" href=\"https:\/\/www.yoga-nest.com\/paiement-livraison-retours\/\" target=\"_blank\" rel=\"noopener\">ICI<\/a>[\/accordion_item][\/accordion]<\/p>\n<p>[one]<br \/>\n<span style=\"color: #b01da4;\"><b>La Marque<\/b><\/span><\/p>\n<p><b>Yogamatata \u2013 Les tapis &amp; accessoires de yoga engag\u00e9s<\/b><\/p>\n<p>Yogamatata est une marque fran\u00e7aise cr\u00e9\u00e9e en 2018 par 2 femmes entrepreneures,\u00a0Ondine et Johanna, qui lui consacrent toute leur \u00e9nergie en cr\u00e9ant des accessoires de yoga qui correspondent \u00e0 leurs 4 valeurs fondamentales: \u00c9co-responsabilit\u00e9 &#8211; Entreprenariat f\u00e9minin &#8211; Entreprise engag\u00e9e &#8211; Transparence.<\/p>\n","protected":false},"excerpt":{"rendered":"<div class=\"j-module n j-hr \">\n<p>Le tapis de yoga ultra-fin et ultra-l\u00e9ger Yogamatata peut \u00eatre roul\u00e9 ou pli\u00e9. Il est donc id\u00e9al comme tapis \u00e0 emmener en voyage ou \u00e0 utiliser comme sur-tapis. Ce tapis en li\u00e8ge naturel du Portugal avec sous-couche en caoutchouc est \u00e9co-responsable, \u00e9cologique (sans TPE, sans PVC), naturellement antibact\u00e9rien et hypoallerg\u00e9nique. Au toucher, le li\u00e8ge est doux toutefois aussi antid\u00e9rapant &#8211; plus les mains et pieds sont humides, plus il est grippant. Astuce: en d\u00e9but de pratique, on peut l\u00e9g\u00e8rement le sprayer d&rsquo;eau pour am\u00e9liorer le grip si n\u00e9cessaire.<\/p>\n<p>\u00c0 vous de choisir si vous le pr\u00e9f\u00e9rez neutre ou orn\u00e9 de designs graphiques avec une encre non-toxique \u00e0 base d&rsquo;eau. En plus, il existe aussi en taille XXL pour les personnes de grande taille. L\u00e9ger, il est simple \u00e0 transporter (1.3 ou\u00a01.5kg en XXL).<\/p>\n<p>Autres atouts: il est adapt\u00e9 pour toutes les pratiques de yoga, y compris le Hot yoga et il est&#8230;emball\u00e9\u00a0sans plastique dans un papier ensemenc\u00e9 contenant des graines de fleurs mellif\u00e8res.<\/p>\n<p>Dimensions:<\/p>\n<ul>\n<li>Standard:\u00a0183x61cm &#8211; \u00e9paisseur 1.3mm &#8211; poids 1.3kg<\/li>\n<li>XXL: 199x63cm &#8211; \u00e9paisseur 1.5mm &#8211; poids 1.5kg<\/li>\n<\/ul>\n<p>&nbsp;<\/p>\n<\/div>\n<p style=\"text-align: center;\">Taille ou motifs manquants ? <a href=\"mailto:serviceclients@yoga-nest.com\">Contactez-nous<\/a><\/p>\n","protected":false},"featured_media":1646,"comment_status":"open","ping_status":"open","template":"","meta":[],"product_cat":[33,26],"product_tag":[97],"_links":{"self":[{"href":"https:\/\/yoganest.vaniseo.pro\/index.php\/wp-json\/wp\/v2\/product\/1645"}],"collection":[{"href":"https:\/\/yoganest.vaniseo.pro\/index.php\/wp-json\/wp\/v2\/product"}],"about":[{"href":"https:\/\/yoganest.vaniseo.pro\/index.php\/wp-json\/wp\/v2\/types\/product"}],"replies":[{"embeddable":true,"href":"https:\/\/yoganest.vaniseo.pro\/index.php\/wp-json\/wp\/v2\/comments?post=1645"}],"wp:featuredmedia":[{"embeddable":true,"href":"https:\/\/yoganest.vaniseo.pro\/index.php\/wp-json\/wp\/v2\/media\/1646"}],"wp:attachment":[{"href":"https:\/\/yoganest.vaniseo.pro\/index.php\/wp-json\/wp\/v2\/media?parent=1645"}],"wp:term":[{"taxonomy":"product_cat","embeddable":true,"href":"https:\/\/yoganest.vaniseo.pro\/index.php\/wp-json\/wp\/v2\/product_cat?post=1645"},{"taxonomy":"product_tag","embeddable":true,"href":"https:\/\/yoganest.vaniseo.pro\/index.php\/wp-json\/wp\/v2\/product_tag?post=1645"}],"curies":[{"name":"wp","href":"https:\/\/api.w.org\/{rel}","templated":true}]}}