{"id":1609,"date":"2023-05-06T21:23:54","date_gmt":"2023-05-06T19:23:54","guid":{"rendered":"https:\/\/yoganest.vaniseo.pro\/index.php\/product\/jeu-de-cartes-hatha-vinyasa-yin-yoga\/"},"modified":"2024-03-06T15:43:24","modified_gmt":"2024-03-06T14:43:24","slug":"jeu-de-cartes-hatha-vinyasa-yin-yoga","status":"publish","type":"product","link":"https:\/\/yoganest.vaniseo.pro\/index.php\/product\/jeu-de-cartes-hatha-vinyasa-yin-yoga\/","title":{"rendered":"Jeu de cartes | Hatha-Vinyasa &#038; Yin yoga"},"content":{"rendered":"<p>Avec les cartes Yogasana, YOGA<strong>NEST<\/strong> diversifie son offre d&rsquo;outils ludiques et enrichissants pour approfondir notre connaissance du yoga.<\/p>\n<p class=\"p2\">Le jeu HATHA &amp; VINYASA est compos\u00e9 de :<\/p>\n<ul class=\"ul2\">\n<li class=\"li1\">75 cartes Asanas, chacune est illustr\u00e9e et d\u00e9taill\u00e9e<\/li>\n<li class=\"li1\">les salutations au soleil A et B<\/li>\n<li class=\"li1\">8 s\u00e9quences de yoga organis\u00e9es par th\u00e8me, \u00e0 suivre telles quelles ou comme inspiration de d\u00e9part<\/li>\n<li>1 carte sugg\u00e9rant des r\u00e8gles &amp; instructions<\/li>\n<\/ul>\n<p class=\"p1\">Le jeu YIN YOGA contient 80 cartes dont :<\/p>\n<ul class=\"ul2\">\n<li class=\"li1\">38 postures de Yin Yoga et\u00a010 de transition<\/li>\n<li class=\"li1\">20 s\u00e9quences th\u00e9matiques<\/li>\n<li class=\"li1\">Des explications sur les fondements du Yin Yoga, les m\u00e9ridiens, les \u00e9l\u00e9ments&#8230;<\/li>\n<li>1 carte sugg\u00e9rant des r\u00e8gles &amp; instructions<\/li>\n<\/ul>\n<p>Avec un style et un ton compl\u00e8tement diff\u00e9rent, ces 2 jeux de cartes sont compl\u00e9mentaires du\u00a0<a href=\"https:\/\/www.yoga-nest.com\/boutique-yoga-shop\/jeu-de-cartes-philosophie-du-yoga\/\">jeu de cartes Yogom<\/a> \u00ab\u00a0108 questions de Philosophie du yoga\u00a0\u00bb.<\/p>\n<p>[accordion title=\u00a0\u00bb\u00a0\u00bb open1st=\u00a0\u00bb0&Prime; openAll=\u00a0\u00bb0&Prime;][accordion_item title=\u00a0\u00bbEntretien\u00a0\u00bb]RAS[\/accordion_item][\/accordion]<\/p>\n<p>[accordion title=\u00a0\u00bb\u00a0\u00bb open1st=\u00a0\u00bb0&Prime; openAll=\u00a0\u00bb0&Prime; style=\u00a0\u00bb\u00a0\u00bb][accordion_item title=\u00a0\u00bbTypes d&rsquo;activit\u00e9s\u00a0\u00bb]Hatha Yoga, Vinyasa yoga,\u00a0<span style=\"font-weight: 400;\">Yin Yoga, Yoga Restorative, M\u00e9ditation, Yoga Nidra, Mindfulness, Relaxation<\/span>[\/accordion_item][\/accordion]<\/p>\n<p>[accordion title=\u00a0\u00bb\u00a0\u00bb open1st=\u00a0\u00bb0&Prime; openAll=\u00a0\u00bb0&Prime; style=\u00a0\u00bb\u00a0\u00bb][accordion_item title=\u00a0\u00bbPourquoi on adore ce produit\u00a0\u00bb]Apprendre en jouant, \u00e7\u00e0 fonctionne toujours bien. Les cartes sont synth\u00e9tiques et sans blabla, le graphisme est doux et l\u00e9ger. On s&rsquo;en inspire pour une s\u00e9quence seul.e ou \u00e0 plusieurs.[\/accordion_item][\/accordion]<\/p>\n<p>[accordion title=\u00a0\u00bb\u00a0\u00bb open1st=\u00a0\u00bb0&Prime; openAll=\u00a0\u00bb0&Prime; style=\u00a0\u00bb\u00a0\u00bb][accordion_item title=\u00a0\u00bbPaiements, livraison &amp; retours\u00a0\u00bb]Pour les informations sur les alternatives de paiement, de livraison et les retours, merci de cliquer\u00a0<a class=\"linkcgv\" href=\"https:\/\/www.yoga-nest.com\/paiement-livraison-retours\/\" target=\"_blank\" rel=\"noopener\">ICI<\/a>[\/accordion_item][\/accordion]<\/p>\n<p>[one]<\/p>\n<p><span style=\"color: #b01da4;\"><b>La Marque<\/b><\/span><\/p>\n<p><b>Yogasana \u2013 Rendre le yoga fun,\u00a0inspirant et accessible \u00e0 toutes et tous<\/b><\/p>\n<p>Roxanne, professeure de yoga en France et illustratrice professionnelle, met ses talents en commun pour cr\u00e9er des outils p\u00e9dagogiques pour un yoga ludique! Transmettre les b\u00e9n\u00e9fices de la pratique du yoga en la rendant fun et accessible \u00e0 toutes et tous, telle est son intention.<\/p>\n<p>[\/one]<\/p>\n","protected":false},"excerpt":{"rendered":"<div class=\"j-module n j-hr \">\n<p>Plut\u00f4t YIN, plut\u00f4t YANG ou les 2? Yogasana a cr\u00e9\u00e9 ces 2 jeux de cartes pour nous inspirer et enrichir nos pratiques de fa\u00e7on ludique. Propos\u00e9s en 2 versions, Hatha-Vinyasa et Yin yoga, ces 2 sets sont chacun compos\u00e9s de plus de 80 cartes. :L&rsquo;univers graphique est reposant, clair et gai, les informations sont synth\u00e9tiques tout en \u00e9tant suffisantes pour construire une s\u00e9quence, jouer \u00e0 plusieurs ou chercher rapidement quelques notions ou id\u00e9es oubli\u00e9es.<\/p>\n<p>Ces jeux seront utiles \u00e0 toutes et tous, yoginis et yogis d\u00e9butantes ou exp\u00e9riment\u00e9es et aussi \u00e0 celles et ceux qui enseignent.<\/p>\n<p>Le jeu Hatha-Vinyasa est disponible en fran\u00e7ais ou en anglais, le Yin pour l&rsquo;instant en fran\u00e7ais uniquement.<\/p>\n<\/div>\n<p>&nbsp;<\/p>\n<p style=\"text-align: center;\">Article manquant ? <a href=\"mailto:serviceclients@yoga-nest.com\">Contactez-nous<\/a><\/p>\n","protected":false},"featured_media":1610,"comment_status":"open","ping_status":"open","template":"","meta":[],"product_cat":[84,20],"product_tag":[184],"_links":{"self":[{"href":"https:\/\/yoganest.vaniseo.pro\/index.php\/wp-json\/wp\/v2\/product\/1609"}],"collection":[{"href":"https:\/\/yoganest.vaniseo.pro\/index.php\/wp-json\/wp\/v2\/product"}],"about":[{"href":"https:\/\/yoganest.vaniseo.pro\/index.php\/wp-json\/wp\/v2\/types\/product"}],"replies":[{"embeddable":true,"href":"https:\/\/yoganest.vaniseo.pro\/index.php\/wp-json\/wp\/v2\/comments?post=1609"}],"wp:featuredmedia":[{"embeddable":true,"href":"https:\/\/yoganest.vaniseo.pro\/index.php\/wp-json\/wp\/v2\/media\/1610"}],"wp:attachment":[{"href":"https:\/\/yoganest.vaniseo.pro\/index.php\/wp-json\/wp\/v2\/media?parent=1609"}],"wp:term":[{"taxonomy":"product_cat","embeddable":true,"href":"https:\/\/yoganest.vaniseo.pro\/index.php\/wp-json\/wp\/v2\/product_cat?post=1609"},{"taxonomy":"product_tag","embeddable":true,"href":"https:\/\/yoganest.vaniseo.pro\/index.php\/wp-json\/wp\/v2\/product_tag?post=1609"}],"curies":[{"name":"wp","href":"https:\/\/api.w.org\/{rel}","templated":true}]}}