{"id":1516,"date":"2023-04-11T04:35:40","date_gmt":"2023-04-11T02:35:40","guid":{"rendered":"https:\/\/yoganest.vaniseo.pro\/index.php\/product\/tapis-et-accessoires-en-laine-merinos-gamme-douceur\/"},"modified":"2024-03-06T15:41:32","modified_gmt":"2024-03-06T14:41:32","slug":"tapis-et-accessoires-en-laine-merinos-gamme-douceur","status":"publish","type":"product","link":"https:\/\/yoganest.vaniseo.pro\/index.php\/product\/tapis-et-accessoires-en-laine-merinos-gamme-douceur\/","title":{"rendered":"Tapis et accessoires | Gamme Laine"},"content":{"rendered":"<p><strong>D\u00c9COUVREZ LES PRODUITS DE LA GAMME DOUCEUR :<\/strong><\/p>\n<p>Tous les produits de cette gamme ont obtenu la certification OEKO-TEX standard (1er label garantissant les qualit\u00e9s humano-\u00e9cologiques d&rsquo;un textile durable: sans produits toxiques pour le corps et pour la nature).<\/p>\n<p><strong>TAPIS DE YOGA<\/strong> : Le Yin yoga, le Nidra yoga, le Restorative, la m\u00e9ditation et le Kundalini yoga peuvent \u00eatre id\u00e9alement pratiqu\u00e9s sur ce tapis de yoga extra-long et large (200 x 75 cm) en laine de mouton vierge. Le tapis m\u00e9rinos est \u00e9galement parfait pour le yoga vigoureux et intensif, car la surface en laine est hydrophobe (elle repousse naturellement l&rsquo;eau). Le latex est utilis\u00e9 sur la face inf\u00e9rieure pour une bonne stabilit\u00e9 et une bonne adh\u00e9rence au sol et la laine est utilis\u00e9e sur la face sup\u00e9rieure. \u00c9vitez d&rsquo;utiliser ces tapis si vous \u00eates allergique au latex (0 % de PVC ou de TPE).<\/p>\n<p><strong>BOLSTER<\/strong> : le coussin cylindrique pour le yoga et la m\u00e9ditation (25&#215;60 cm). Particuli\u00e8rement confortable plac\u00e9s sous les genoux ou pour s&rsquo;allonger pour des \u00e9tirements, des asanas d&rsquo;ouvertures et des postures restauratives.<br \/>\nContient des \u00e9cales de sarrasin.\u00a0Les housses sont amovibles gr\u00e2ce \u00e0 un syst\u00e8me de fermeture \u00e9clair : une premi\u00e8re housse en coton qui contient les \u00e9cales de sarrasin, la seconde housse en laine peut \u00eatre lav\u00e9e en machine \u00e0 30 degr\u00e9s.<br \/>\nFacile \u00e0 transporter gr\u00e2ce \u00e0 la poign\u00e9e.<\/p>\n<p><strong>ZAFU<\/strong> : coussin rond traditionnel pour la m\u00e9ditation, taille 30x13cm. Ses housses ext\u00e9rieure et int\u00e9rieure sont amovibles, il est en laine m\u00e9rinos certifi\u00e9e Oeko-Tex, et il est garni d&rsquo;\u00e9cales de sarrasin. Le sarrasin est la graine de remplissage la plus dense et la plus ferme. Vous vous assoirez de mani\u00e8re stable et votre coussin de yoga conservera sa forme originale pendant une longue p\u00e9riode.<br \/>\nPourquoi utiliser un coussin de m\u00e9ditation ? Si vous souhaitez m\u00e9diter confortablement, que ce soit r\u00e9guli\u00e8rement ou rarement, le coussin de yoga ou le Zafu de m\u00e9ditation peut vous \u00eatre utile. Afin d&rsquo;avoir un dos droit et une posture bien align\u00e9e pendant la m\u00e9ditation, il est conseill\u00e9 de s&rsquo;asseoir avec les genoux crois\u00e9s et pos\u00e9s sur le sol. Vous pouvez adopter cette posture en vous asseyant sur un coussin de m\u00e9ditation. La laine de ce mod\u00e8le le rendra plus agr\u00e9able, plus chaud et plus cocooning. Il existe \u00e9galement de nombreuses autres fa\u00e7ons d&rsquo;utiliser cet accessoire utile et charmant. Utilisez-le par exemple comme d\u00e9coration pour votre salon ou comme coussin lorsque vous travaillez ou mangez par terre.<\/p>\n<p><strong>COUVERTURE<\/strong> : si longue et si large (135x200cm) que vous pouvez vous y envelopper compl\u00e8tement pour Savasana, aucune partie de votre corps ne d\u00e9passera!\u00a0Si moelleuse et confortable que vous voudrez l&rsquo;utiliser pour y poser vos genoux, poignets et coudes et, bien s\u00fbr, pour y reposer votre t\u00eate.<br \/>\nLa laine m\u00e9rinos est 100 % durable, bien plus chaude que le coton et bien plus confortable qu&rsquo;une serviette de sport !<br \/>\nLavable en machine \u00e0 30\u00b0.<\/p>\n<p><strong>MINI-TAPIS<\/strong>\u00a0: \u00e0 utiliser comme supports pour les genoux (plac\u00e9 sur votre tapis de yoga) OU comme mini-matelas pour la m\u00e9ditation. Avec seulement 500g de poids et sa taille facilement pliable (50x70cm), il est id\u00e9al pour le transport lors de vos d\u00e9placements ainsi que pour une pratique en ext\u00e9rieur.<\/p>\n<p>[accordion title=\u00a0\u00bb\u00a0\u00bb open1st=\u00a0\u00bb0&Prime; openAll=\u00a0\u00bb0&Prime;][accordion_item title=\u00a0\u00bbEntretien\u00a0\u00bb]<\/p>\n<p><b>Entretien<\/b><\/p>\n<ul>\n<li>A\u00e9rez r\u00e9guli\u00e8rement vos accessoires en laine \u00e0 l\u2019air frais<\/li>\n<li>Vous pouvez les vaporiser avec un m\u00e9lange d\u2019huiles essentielles de temps en temps (YOGANEST propose les Sprays nettoyants Yogom) et\/ou les frotter avec un chiffon imbib\u00e9 d\u2019eau l\u00e9g\u00e8rement savonneuse<\/li>\n<li>Apr\u00e8s utilisation, secouez-les avant de les ranger. A\u00e9rez le r\u00e9guli\u00e8rement \u00e0 l\u2019air frais<\/li>\n<\/ul>\n<p><b>Rangement<\/b><\/p>\n<ul>\n<li>Tenez-tous ces accessoires loin du feu!<\/li>\n<li>La couverture est vendue dans un sac en coton pour la prot\u00e9ger Nous vous conseillons de ranger vos tapis dans un sac \u00e0 tapis en coton<\/li>\n<\/ul>\n<p><b>Nettoyage<\/b><\/p>\n<ul>\n<li>Tapis de yoga et Mini tapis de m\u00e9ditation\u00a0: nettoyage \u00e0 sec imp\u00e9rativement (pas en machine \u00e0 laver)<\/li>\n<li>Coussin de m\u00e9ditation, Bolster et Couverture : si votre machine est en bon \u00e9tat, laver \u00e0 froid conseill\u00e9, avec faible essorage, programme laine \/ textile d\u00e9licat et surtout pas de s\u00e8che linge. S\u00e9chage \u00e0 plat \u00e0 l&rsquo;ombre<\/li>\n<\/ul>\n<p>[\/accordion_item][\/accordion]<\/p>\n<p>[accordion title=\u00a0\u00bb\u00a0\u00bb open1st=\u00a0\u00bb0&Prime; openAll=\u00a0\u00bb0&Prime; style=\u00a0\u00bb\u00a0\u00bb][accordion_item title=\u00a0\u00bbTypes d&rsquo;activit\u00e9s\u00a0\u00bb]<span style=\"font-weight: 400;\">Yin Yoga, Yoga Restorative, M\u00e9ditation, Yoga Nidra, Mindfulness, Iyengar yoga, Kundalini yoga, Yoga pr\u00e9natal, Relaxation, Bain sonore<\/span>[\/accordion_item][\/accordion]<\/p>\n<p>[accordion title=\u00a0\u00bb\u00a0\u00bb open1st=\u00a0\u00bb0&Prime; openAll=\u00a0\u00bb0&Prime; style=\u00a0\u00bb\u00a0\u00bb][accordion_item title=\u00a0\u00bbPourquoi on adore ce produit\u00a0\u00bb]Toute cette gamme est<b> 100% naturelle, en laine de m\u00e9rinos certifi\u00e9e Oeko-Tex, con\u00e7ue en France <\/b>et<b> <\/b>produite en Europe. On les utilise ensemble ou s\u00e9par\u00e9s, par temps froid ou en soir\u00e9e l&rsquo;\u00e9t\u00e9, pour des pratiques lentes ou actives et on se blottis dedans \/ dessus quand on a envie de juste se relaxer![\/accordion_item][\/accordion]<\/p>\n<p>[accordion title=\u00a0\u00bb\u00a0\u00bb open1st=\u00a0\u00bb0&Prime; openAll=\u00a0\u00bb0&Prime; style=\u00a0\u00bb\u00a0\u00bb][accordion_item title=\u00a0\u00bbPaiements, livraison &amp; retours\u00a0\u00bb]Pour les informations sur les alternatives de paiement, de livraison et les retours, merci de cliquer\u00a0<a class=\"linkcgv\" href=\"https:\/\/www.yoga-nest.com\/paiement-livraison-retours\/\" target=\"_blank\" rel=\"noopener\">ICI<\/a>[\/accordion_item][\/accordion]<\/p>\n<p>[one]<\/p>\n<p><span style=\"color: #b01da4;\"><b>La Marque<\/b><\/span><\/p>\n<p><b>Yogom \u2013 Des accessoires \u00e9cologiques de yoga et m\u00e9ditation\u00a0bio allient confort, spiritualit\u00e9 et \u00e9thique<\/b><\/p>\n<p>Marque fran\u00e7aise qui a une vision d&rsquo;entreprise responsable et propose des produits simples et qualitatifs pour toujours plus de bien-\u00eatre, au juste prix et pour accompagner votre pratique du yoga sans chichi !<\/p>\n<p>Les produits ne sont pas r\u00e9serv\u00e9s aux yoginis et yogis, ils plaisent aussi \u00e0 toutes les personnes sensibles \u00e0 une certaine spiritualit\u00e9 de vie et en qu\u00eate de sens dans leur quotidien et leur consommation.<\/p>\n<p>La vision du yoga selon Yogom est inclusive, loin d&rsquo;\u00eatre dogmatique, il s&rsquo;agit plut\u00f4t d&rsquo;un art de vivre, d&rsquo;une fa\u00e7on d&rsquo;int\u00e9grer le zen \u00e0 votre quotidien.<\/p>\n<p><a class=\"boutonmarque\" title=\"Yoga Boutique\" href=\"https:\/\/www.yoga-nest.com\/yogom\/\"><span style=\"font-weight: 400;\">En savoir plus<\/span><\/a><\/p>\n<p>[\/one]<\/p>\n","protected":false},"excerpt":{"rendered":"<div class=\"j-module n j-hr \">\n<p>YOGA<strong>NEST<\/strong> a craqu\u00e9 pour la gamme Douceur de YOGOM: des tapis et accessoires de yoga en laine! Cr\u00e9ez chez vous le coin hyper cosy dans lequel toute la famille aura envie de venir se poser et se centrer: <strong>MINI-TAPIS, TAPIS, ZAFU, BOLSTER ET COUVERTURE<\/strong>. D\u00e9couvrez-les sous Description&#8230;<\/p>\n<p>Toute cette gamme est<b> 100% naturelle, en laine de m\u00e9rinos certifi\u00e9e Oeko-Tex, con\u00e7ue en France <\/b>et<b> <\/b>produite en Europe.<\/p>\n<p>Ultra doux, hyper confort, ils sont juste parfaits pour tous les <strong>styles de yoga doux et lents<\/strong>\u00a0comme le Restorative, Yin, Kundalini yoga. Ils accueilleront aussi tous vos moments de d\u00e9tente, relaxation, m\u00e9ditation ou bain sonore.<\/p>\n<p>Le saviez-vous? La laine de mouton v\u00e9ritable est une <strong>substance naturelle qui est hydrophobe<\/strong>, c&rsquo;est-\u00e0-dire qu&rsquo;elle repousse l&rsquo;humidit\u00e9, ce qui la rend parfaite aussi pour les entra\u00eenements d&rsquo;\u00e9t\u00e9 et les entra\u00eenements dynamiques o\u00f9 l&rsquo;on transpire!<\/p>\n<\/div>\n<p>&nbsp;<\/p>\n<p style=\"text-align: center;\">Article manquant ? <a href=\"mailto:serviceclients@yoga-nest.com\">Contactez-nous<\/a><\/p>\n","protected":false},"featured_media":1517,"comment_status":"open","ping_status":"open","template":"","meta":[],"product_cat":[54,20,41,26],"product_tag":[175],"_links":{"self":[{"href":"https:\/\/yoganest.vaniseo.pro\/index.php\/wp-json\/wp\/v2\/product\/1516"}],"collection":[{"href":"https:\/\/yoganest.vaniseo.pro\/index.php\/wp-json\/wp\/v2\/product"}],"about":[{"href":"https:\/\/yoganest.vaniseo.pro\/index.php\/wp-json\/wp\/v2\/types\/product"}],"replies":[{"embeddable":true,"href":"https:\/\/yoganest.vaniseo.pro\/index.php\/wp-json\/wp\/v2\/comments?post=1516"}],"wp:featuredmedia":[{"embeddable":true,"href":"https:\/\/yoganest.vaniseo.pro\/index.php\/wp-json\/wp\/v2\/media\/1517"}],"wp:attachment":[{"href":"https:\/\/yoganest.vaniseo.pro\/index.php\/wp-json\/wp\/v2\/media?parent=1516"}],"wp:term":[{"taxonomy":"product_cat","embeddable":true,"href":"https:\/\/yoganest.vaniseo.pro\/index.php\/wp-json\/wp\/v2\/product_cat?post=1516"},{"taxonomy":"product_tag","embeddable":true,"href":"https:\/\/yoganest.vaniseo.pro\/index.php\/wp-json\/wp\/v2\/product_tag?post=1516"}],"curies":[{"name":"wp","href":"https:\/\/api.w.org\/{rel}","templated":true}]}}