{"id":1282,"date":"2022-09-15T22:15:45","date_gmt":"2022-09-15T20:15:45","guid":{"rendered":"https:\/\/yoganest.vaniseo.pro\/index.php\/product\/debardeur-cami-top-modele-lunar-luxe\/"},"modified":"2024-03-06T15:38:37","modified_gmt":"2024-03-06T14:38:37","slug":"debardeur-cami-top-modele-lunar-luxe","status":"publish","type":"product","link":"https:\/\/yoganest.vaniseo.pro\/index.php\/product\/debardeur-cami-top-modele-lunar-luxe\/","title":{"rendered":"D\u00e9bardeur Cami Top | mod\u00e8le Lunar Luxe"},"content":{"rendered":"<p>Le cami Lunar Luxe Bra de Moonchild est un d\u00e9bardeur super confortable avec un soutien-gorge int\u00e9gr\u00e9. Le design est f\u00e9minin et minimaliste donc intemporel. Sa partie soutien-gorge offre une bande inf\u00e9rieure \u00e9lastique douce, des bretelles r\u00e9glables et des bonnets amovibles en option.<\/p>\n<p>Avec sa large encolure arri\u00e8re, ses d\u00e9coupes lat\u00e9rales et son dos de nageur, le Lunar Luxe Cami vous apportera confort, couverture de l&rsquo;abdomen et soutien de la poitrine lors de vos s\u00e9ances de sport.<\/p>\n<p>La mati\u00e8re super douce est parfaite pour le yoga, le pilates ou toute autre s\u00e9ance d&rsquo;entra\u00eenement. Et Lunar Luxe n&rsquo;est pas seulement doux et confortable, il est aussi recycl\u00e9.<\/p>\n<p>Puisqu&rsquo;il couvre l&rsquo;abdomen, vous aimerez \u00e9galement le porter dans votre vie quotidienne avec un short ou un pantalon ou avec un pantalon d\u00e9contract\u00e9 pour une journ\u00e9e confortable \u00e0 la maison (consultez notre pantalon Bali de notre marque partenaire Vervola).<\/p>\n<p>Produit avec le tissu recycl\u00e9 le plus doux certifi\u00e9 bluesign\u00ae. Con\u00e7u pour donner du pouvoir aux femmes et parfaitement assorti au Leggings Lunar Luxe ou au Biker Shorts de Moonchild.<\/p>\n<p>[accordion title=\u00a0\u00bb\u00a0\u00bb open1st=\u00a0\u00bb0&Prime; openAll=\u00a0\u00bb0&Prime;][accordion_item title=\u00a0\u00bbEntretien\u00a0\u00bb]<span style=\"font-weight: 400;\">Voici quelques conseils pour laver et entretenir le soutien-gorge Lunar Luxe\u00a0:<\/span><\/p>\n<ul>\n<li style=\"font-weight: 400;\" aria-level=\"1\">Laver \u00e0 la main ou en machine \u00e0 une temp\u00e9rature maximale de 30\u00b0C<\/li>\n<li style=\"font-weight: 400;\" aria-level=\"1\">\u00c9vitez d&rsquo;utiliser un s\u00e8che-linge<\/li>\n<li style=\"font-weight: 400;\" aria-level=\"1\">Le suspendre \u00e0 l&rsquo;air libre pour le faire s\u00e9cher<\/li>\n<li style=\"font-weight: 400;\" aria-level=\"1\">N&rsquo;utilisez pas d&rsquo;agent de blanchiment ni d&rsquo;adoucissant<\/li>\n<li style=\"font-weight: 400;\" aria-level=\"1\">Ne pas repasser ou nettoyer \u00e0 sec ce d\u00e9bardeur[\/accordion_item][\/accordion][accordion title=\u00a0\u00bb\u00a0\u00bb open1st=\u00a0\u00bb0&Prime; openAll=\u00a0\u00bb0&Prime;][accordion_item title=\u00a0\u00bbTypes d&rsquo;activit\u00e9s\u00a0\u00bb]Pilates, Yin Yoga, Yoga Restauratif, Hatha Yoga, Flow Yoga, Yoga Nidra, M\u00e9ditation, Hot Yoga, Iyengar Yoga, Yoga a\u00e9rien, Acro yoga, Yoga pr\u00e9natal, Yoga en plein air, Yoga en voyage, Automassage Myofascial, Stretching, Workout, Gymnastique, Crossfit, Sports en ext\u00e9rieure (bootcamp, running, course \u00e0 pied, marche nordique, randonn\u00e9e, v\u00e9lo, grimpe,\u2026), Streetwear, Casualwear, Style relax et Cocooning \u00e0 la maison[\/accordion_item][\/accordion][accordion title=\u00a0\u00bb\u00a0\u00bb open1st=\u00a0\u00bb0&Prime; openAll=\u00a0\u00bb0&Prime;][accordion_item title=\u00a0\u00bbPourquoi on adore ce produit\u00a0\u00bb]Nous aimons tout de ce top cami ! Sa longueur id\u00e9ale couvre joliment notre abdomen sans \u00eatre trop longue si nous voulons le porter \u00e0 l&rsquo;int\u00e9rieur d&rsquo;un legging ou d&rsquo;un pantalon. Les poches du soutien-gorge int\u00e9gr\u00e9 avec coussinets amovibles sont id\u00e9ales pour celles d&rsquo;entre nous qui aiment plus de couverture et de maintien.Ses fines bretelles soulignent la poitrine et le dos, et d\u00e9voilent joliment nos \u00e9paules. Sa douceur sur notre peau est imbattable.<br \/>\nEt nous pouvons le porter \u00e0 tout moment ! Il convient \u00e0 toutes les activit\u00e9s bas\u00e9es sur le mouvement et est superbe dans tous les contextes. Une fois qu&rsquo;il fait partie de votre garde-robe, vous ne voudrez plus vous en s\u00e9parer. Cerise sur le g\u00e2teau, sa production \u00e9cologique est essentielle pour nous.[\/accordion_item][\/accordion][accordion title=\u00a0\u00bb\u00a0\u00bb open1st=\u00a0\u00bb0&Prime; openAll=\u00a0\u00bb0&Prime; style=\u00a0\u00bb\u00a0\u00bb][accordion_item title=\u00a0\u00bbPaiement, livraison &amp; retours\u00a0\u00bb]Pour les informations sur les alternatives de paiement, de livraison et les retours, merci de cliquer <a class=\"linkcgv\" href=\"https:\/\/www.yoga-nest.com\/paiement-livraison-retours\/\" target=\"_blank\" rel=\"noopener\">ICI<\/a>.[\/accordion_item][\/accordion]<\/li>\n<\/ul>\n<p><span style=\"color: #b01da4;\"><b>La Marque<\/b><\/span><\/p>\n<p><b>Moonchild Yoga Wear &#8211; Une marque n\u00e9e au Danemark et soucieuse du monde<\/b><\/p>\n<p><span style=\"font-weight: 400;\">Cette marque familiale a \u00e9t\u00e9 fond\u00e9e au Danemark en 2015 par Louise Wang Nielsen. Les collections de v\u00eatements de yoga et de loungewear de Moonchild sont inspir\u00e9es des couleurs et des lumi\u00e8res de la nature scandinave m\u00e9lang\u00e9es \u00e0 un minimalisme magnifique et f\u00e9minin.<\/span><\/p>\n<p><a class=\"boutonmarque\" title=\"Moonchild\" href=\"http:\/\/yoga-nest.com\/moonchild\/\" target=\"_blank\" rel=\"noopener\">En savoir plus<\/a><\/p>\n","protected":false},"excerpt":{"rendered":"<p>Le Moonchild Lunar Luxe Cami est bas\u00e9 sur la forme et le concept du Lunar Luxe Bra. Son design simple est ce qui le rend \u00e9l\u00e9gant et adapt\u00e9 \u00e0 toutes les situations.<\/p>\n<p>Les deux bretelles sont r\u00e9glables, fines et tr\u00e8s confortables. Le haut du dos est largement d\u00e9couvert, ce qui est extr\u00eamement f\u00e9minin. Les bonnets sont amovibles afin que chacune d&rsquo;entre nous puisse choisir si elle veut plus de couverture ou non.<\/p>\n<p>Ce haut couvre l&rsquo;abdomen et s&rsquo;associe \u00e0 des pantalons hauts ou bas de n&rsquo;importe quel type et style. Il convient donc aussi bien comme v\u00eatement actif que comme v\u00eatement de ville dans la vie de tous les jours.<\/p>\n<p>Tr\u00e8s important \u00e9galement, le cami top Lunar Luxe con\u00e7u par notre marque partenaire Moonchild Yoga Wear est fabriqu\u00e9 \u00e0 partir de 79 % de mat\u00e9riaux recycl\u00e9s.<\/p>\n<p>[button title=\u00a0\u00bbGuide des tailles\u00a0\u00bb link=\u00a0\u00bbhttps:\/\/www.yoga-nest.com\/tailles\u00a0\u00bb target=\u00a0\u00bb_blank\u00a0\u00bb align=\u00a0\u00bbcenter\u00a0\u00bb icon=\u00a0\u00bb\u00a0\u00bb icon_position=\u00a0\u00bb\u00a0\u00bb color=\u00a0\u00bb\u00a0\u00bb font_color=\u00a0\u00bb\u00a0\u00bb size=\u00a0\u00bb2&Prime; full_width=\u00a0\u00bb\u00a0\u00bb class=\u00a0\u00bbbouttontaille\u00a0\u00bb download=\u00a0\u00bb\u00a0\u00bb rel=\u00a0\u00bb\u00a0\u00bb]<\/p>\n<p>&nbsp;<\/p>\n<p class=\"manquante\" style=\"text-align: center;\">Taille ou couleur manquante ? <a href=\"mailto:serviceclients@yoga-nest.com\">Contactez-nous<\/a><\/p>\n<p>&nbsp;<\/p>\n<p class=\"manquante\" style=\"text-align: center;\">\n","protected":false},"featured_media":1266,"comment_status":"open","ping_status":"open","template":"","meta":[],"product_cat":[80,63,62],"product_tag":[81],"_links":{"self":[{"href":"https:\/\/yoganest.vaniseo.pro\/index.php\/wp-json\/wp\/v2\/product\/1282"}],"collection":[{"href":"https:\/\/yoganest.vaniseo.pro\/index.php\/wp-json\/wp\/v2\/product"}],"about":[{"href":"https:\/\/yoganest.vaniseo.pro\/index.php\/wp-json\/wp\/v2\/types\/product"}],"replies":[{"embeddable":true,"href":"https:\/\/yoganest.vaniseo.pro\/index.php\/wp-json\/wp\/v2\/comments?post=1282"}],"wp:featuredmedia":[{"embeddable":true,"href":"https:\/\/yoganest.vaniseo.pro\/index.php\/wp-json\/wp\/v2\/media\/1266"}],"wp:attachment":[{"href":"https:\/\/yoganest.vaniseo.pro\/index.php\/wp-json\/wp\/v2\/media?parent=1282"}],"wp:term":[{"taxonomy":"product_cat","embeddable":true,"href":"https:\/\/yoganest.vaniseo.pro\/index.php\/wp-json\/wp\/v2\/product_cat?post=1282"},{"taxonomy":"product_tag","embeddable":true,"href":"https:\/\/yoganest.vaniseo.pro\/index.php\/wp-json\/wp\/v2\/product_tag?post=1282"}],"curies":[{"name":"wp","href":"https:\/\/api.w.org\/{rel}","templated":true}]}}