{"id":7,"date":"2024-03-05T23:20:18","date_gmt":"2024-03-05T22:20:18","guid":{"rendered":"https:\/\/yoganest.vaniseo.pro\/index.php\/cart\/"},"modified":"2024-03-05T23:20:18","modified_gmt":"2024-03-05T22:20:18","slug":"cart","status":"publish","type":"page","link":"https:\/\/yoganest.vaniseo.pro\/index.php\/cart\/","title":{"rendered":"Cart"},"content":{"rendered":"<div data-block-name=\"woocommerce\/cart\" class=\"wp-block-woocommerce-cart alignwide is-loading\"><div data-block-name=\"woocommerce\/filled-cart-block\" class=\"wp-block-woocommerce-filled-cart-block\"><div data-block-name=\"woocommerce\/cart-items-block\" class=\"wp-block-woocommerce-cart-items-block\"><div data-block-name=\"woocommerce\/cart-line-items-block\" class=\"wp-block-woocommerce-cart-line-items-block\"><\/div>\n\n<div data-block-name=\"woocommerce\/cart-cross-sells-block\" class=\"wp-block-woocommerce-cart-cross-sells-block\">\n<h2 class=\"wp-block-heading has-large-font-size\">You may be interested in\u2026<\/h2>\n\n\n<div data-block-name=\"woocommerce\/cart-cross-sells-products-block\" class=\"wp-block-woocommerce-cart-cross-sells-products-block\"><\/div><\/div><\/div>\n\n<div data-block-name=\"woocommerce\/cart-totals-block\" class=\"wp-block-woocommerce-cart-totals-block\"><div data-block-name=\"woocommerce\/cart-order-summary-block\" class=\"wp-block-woocommerce-cart-order-summary-block\"><div data-block-name=\"woocommerce\/cart-order-summary-heading-block\" class=\"wp-block-woocommerce-cart-order-summary-heading-block\"><\/div>\n\n<div data-block-name=\"woocommerce\/cart-order-summary-coupon-form-block\" class=\"wp-block-woocommerce-cart-order-summary-coupon-form-block\"><\/div>\n\n<div data-block-name=\"woocommerce\/cart-order-summary-subtotal-block\" class=\"wp-block-woocommerce-cart-order-summary-subtotal-block\"><\/div>\n\n<div data-block-name=\"woocommerce\/cart-order-summary-fee-block\" class=\"wp-block-woocommerce-cart-order-summary-fee-block\"><\/div>\n\n<div data-block-name=\"woocommerce\/cart-order-summary-discount-block\" class=\"wp-block-woocommerce-cart-order-summary-discount-block\"><\/div>\n\n<div data-block-name=\"woocommerce\/cart-order-summary-shipping-block\" class=\"wp-block-woocommerce-cart-order-summary-shipping-block\"><\/div>\n\n<div data-block-name=\"woocommerce\/cart-order-summary-taxes-block\" class=\"wp-block-woocommerce-cart-order-summary-taxes-block\"><\/div><\/div>\n\n<div data-block-name=\"woocommerce\/cart-express-payment-block\" class=\"wp-block-woocommerce-cart-express-payment-block\"><\/div>\n\n<div data-block-name=\"woocommerce\/proceed-to-checkout-block\" class=\"wp-block-woocommerce-proceed-to-checkout-block\"><\/div>\n\n<div data-block-name=\"woocommerce\/cart-accepted-payment-methods-block\" class=\"wp-block-woocommerce-cart-accepted-payment-methods-block\"><\/div><\/div><\/div>\n\n<div data-block-name=\"woocommerce\/empty-cart-block\" class=\"wp-block-woocommerce-empty-cart-block\">\n<h2 class=\"wp-block-heading has-text-align-center with-empty-cart-icon wc-block-cart__empty-cart__title\">Your cart is currently empty!<\/h2>\n\n\n\n<hr class=\"wp-block-separator has-alpha-channel-opacity is-style-dots\"\/>\n\n\n\n<h2 class=\"wp-block-heading has-text-align-center\">New in store<\/h2>\n\n\n<div data-block-name=\"woocommerce\/product-new\" data-columns=\"4\" data-rows=\"1\" class=\"wc-block-grid wp-block-product-new wc-block-product-new has-4-columns\"><ul class=\"wc-block-grid__products\"><li class=\"wc-block-grid__product\">\n\t\t\t\t<a href=\"https:\/\/yoganest.vaniseo.pro\/index.php\/product\/tapis-ecogrip-pliable-voyage-sur-tapis\/\" class=\"wc-block-grid__product-link\">\n\t\t\t\t\t\n\t\t\t\t\t<div class=\"wc-block-grid__product-image\"><img loading=\"lazy\" decoding=\"async\" width=\"450\" height=\"450\" src=\"https:\/\/yoganest.vaniseo.pro\/wp-content\/uploads\/2024\/03\/eco-grip-mint-reisematte-1_1800x1800-450x450.jpeg\" class=\"attachment-woocommerce_thumbnail size-woocommerce_thumbnail\" alt=\"Tapis \u00c9coGrip pliable | voyage &amp; sur-tapis\" srcset=\"https:\/\/yoganest.vaniseo.pro\/wp-content\/uploads\/2024\/03\/eco-grip-mint-reisematte-1_1800x1800-450x450.jpeg 450w, https:\/\/yoganest.vaniseo.pro\/wp-content\/uploads\/2024\/03\/eco-grip-mint-reisematte-1_1800x1800-300x300.jpeg 300w, https:\/\/yoganest.vaniseo.pro\/wp-content\/uploads\/2024\/03\/eco-grip-mint-reisematte-1_1800x1800-1024x1024.jpeg 1024w, https:\/\/yoganest.vaniseo.pro\/wp-content\/uploads\/2024\/03\/eco-grip-mint-reisematte-1_1800x1800-150x150.jpeg 150w, https:\/\/yoganest.vaniseo.pro\/wp-content\/uploads\/2024\/03\/eco-grip-mint-reisematte-1_1800x1800-768x768.jpeg 768w, https:\/\/yoganest.vaniseo.pro\/wp-content\/uploads\/2024\/03\/eco-grip-mint-reisematte-1_1800x1800-1536x1536.jpeg 1536w, https:\/\/yoganest.vaniseo.pro\/wp-content\/uploads\/2024\/03\/eco-grip-mint-reisematte-1_1800x1800-600x600.jpeg 600w, https:\/\/yoganest.vaniseo.pro\/wp-content\/uploads\/2024\/03\/eco-grip-mint-reisematte-1_1800x1800-100x100.jpeg 100w, https:\/\/yoganest.vaniseo.pro\/wp-content\/uploads\/2024\/03\/eco-grip-mint-reisematte-1_1800x1800.jpeg 1800w\" sizes=\"(max-width: 450px) 100vw, 450px\" \/><\/div>\n\t\t\t\t\t<div class=\"wc-block-grid__product-title\">Tapis \u00c9coGrip pliable | voyage &amp; sur-tapis<\/div>\n\t\t\t\t<\/a>\n\t\t\t\t<div class=\"wc-block-grid__product-price price\"><span class=\"woocommerce-Price-amount amount\"><span class=\"woocommerce-Price-currencySymbol\">&#036;<\/span>84.00<\/span><\/div>\n\t\t\t\t\n\t\t\t\t<div class=\"wp-block-button wc-block-grid__product-add-to-cart\"><a href=\"https:\/\/yoganest.vaniseo.pro\/index.php\/product\/tapis-ecogrip-pliable-voyage-sur-tapis\/\" aria-label=\"S\u00e9lectionner les options pour &ldquo;Tapis \u00c9coGrip pliable | voyage &amp; sur-tapis&rdquo;\" data-quantity=\"1\" data-product_id=\"2594\" data-product_sku=\"\" data-price=\"84\" rel=\"nofollow\" class=\"wp-block-button__link wp-element-button add_to_cart_button\">Choix des options<\/a><\/div>\n\t\t\t<\/li><li class=\"wc-block-grid__product\">\n\t\t\t\t<a href=\"https:\/\/yoganest.vaniseo.pro\/index.php\/product\/tapis-de-yoga-en-caoutchouc-naturel-ecogrip\/\" class=\"wc-block-grid__product-link\">\n\t\t\t\t\t\n\t\t\t\t\t<div class=\"wc-block-grid__product-image\"><img loading=\"lazy\" decoding=\"async\" width=\"450\" height=\"450\" src=\"https:\/\/yoganest.vaniseo.pro\/wp-content\/uploads\/2024\/03\/ecogrip_yogaboutique_1200x-450x450.webp\" class=\"attachment-woocommerce_thumbnail size-woocommerce_thumbnail\" alt=\"Tapis de yoga antid\u00e9rapant naturel | \u00c9coGrip\" srcset=\"https:\/\/yoganest.vaniseo.pro\/wp-content\/uploads\/2024\/03\/ecogrip_yogaboutique_1200x-450x450.webp 450w, https:\/\/yoganest.vaniseo.pro\/wp-content\/uploads\/2024\/03\/ecogrip_yogaboutique_1200x-300x300.webp 300w, https:\/\/yoganest.vaniseo.pro\/wp-content\/uploads\/2024\/03\/ecogrip_yogaboutique_1200x-1024x1024.webp 1024w, https:\/\/yoganest.vaniseo.pro\/wp-content\/uploads\/2024\/03\/ecogrip_yogaboutique_1200x-150x150.webp 150w, https:\/\/yoganest.vaniseo.pro\/wp-content\/uploads\/2024\/03\/ecogrip_yogaboutique_1200x-768x768.webp 768w, https:\/\/yoganest.vaniseo.pro\/wp-content\/uploads\/2024\/03\/ecogrip_yogaboutique_1200x-600x600.webp 600w, https:\/\/yoganest.vaniseo.pro\/wp-content\/uploads\/2024\/03\/ecogrip_yogaboutique_1200x-100x100.webp 100w, https:\/\/yoganest.vaniseo.pro\/wp-content\/uploads\/2024\/03\/ecogrip_yogaboutique_1200x.webp 1200w\" sizes=\"(max-width: 450px) 100vw, 450px\" \/><\/div>\n\t\t\t\t\t<div class=\"wc-block-grid__product-title\">Tapis de yoga antid\u00e9rapant naturel | \u00c9coGrip<\/div>\n\t\t\t\t<\/a>\n\t\t\t\t<div class=\"wc-block-grid__product-price price\"><span class=\"woocommerce-Price-amount amount\"><span class=\"woocommerce-Price-currencySymbol\">&#036;<\/span>104.00<\/span><\/div>\n\t\t\t\t\n\t\t\t\t<div class=\"wp-block-button wc-block-grid__product-add-to-cart\"><a href=\"https:\/\/yoganest.vaniseo.pro\/index.php\/product\/tapis-de-yoga-en-caoutchouc-naturel-ecogrip\/\" aria-label=\"S\u00e9lectionner les options pour &ldquo;Tapis de yoga antid\u00e9rapant naturel | \u00c9coGrip&rdquo;\" data-quantity=\"1\" data-product_id=\"2583\" data-product_sku=\"\" data-price=\"104\" rel=\"nofollow\" class=\"wp-block-button__link wp-element-button add_to_cart_button\">Choix des options<\/a><\/div>\n\t\t\t<\/li><li class=\"wc-block-grid__product\">\n\t\t\t\t<a href=\"https:\/\/yoganest.vaniseo.pro\/index.php\/product\/bougie-parfumee-avec-pierres-precieuses\/\" class=\"wc-block-grid__product-link\">\n\t\t\t\t\t\n\t\t\t\t\t<div class=\"wc-block-grid__product-image\"><img loading=\"lazy\" decoding=\"async\" width=\"450\" height=\"450\" src=\"https:\/\/yoganest.vaniseo.pro\/wp-content\/uploads\/2024\/03\/edelstein-duftkerze-4_74c574b1-eb61-46a0-b118-07ff7dc3d64c_1200x.jpg-450x450.webp\" class=\"attachment-woocommerce_thumbnail size-woocommerce_thumbnail\" alt=\"Bougie parfum\u00e9e | Pierres pr\u00e9cieuses\" srcset=\"https:\/\/yoganest.vaniseo.pro\/wp-content\/uploads\/2024\/03\/edelstein-duftkerze-4_74c574b1-eb61-46a0-b118-07ff7dc3d64c_1200x.jpg-450x450.webp 450w, https:\/\/yoganest.vaniseo.pro\/wp-content\/uploads\/2024\/03\/edelstein-duftkerze-4_74c574b1-eb61-46a0-b118-07ff7dc3d64c_1200x.jpg-300x300.webp 300w, https:\/\/yoganest.vaniseo.pro\/wp-content\/uploads\/2024\/03\/edelstein-duftkerze-4_74c574b1-eb61-46a0-b118-07ff7dc3d64c_1200x.jpg-1024x1024.webp 1024w, https:\/\/yoganest.vaniseo.pro\/wp-content\/uploads\/2024\/03\/edelstein-duftkerze-4_74c574b1-eb61-46a0-b118-07ff7dc3d64c_1200x.jpg-150x150.webp 150w, https:\/\/yoganest.vaniseo.pro\/wp-content\/uploads\/2024\/03\/edelstein-duftkerze-4_74c574b1-eb61-46a0-b118-07ff7dc3d64c_1200x.jpg-768x768.webp 768w, https:\/\/yoganest.vaniseo.pro\/wp-content\/uploads\/2024\/03\/edelstein-duftkerze-4_74c574b1-eb61-46a0-b118-07ff7dc3d64c_1200x.jpg-600x600.webp 600w, https:\/\/yoganest.vaniseo.pro\/wp-content\/uploads\/2024\/03\/edelstein-duftkerze-4_74c574b1-eb61-46a0-b118-07ff7dc3d64c_1200x.jpg-100x100.webp 100w, https:\/\/yoganest.vaniseo.pro\/wp-content\/uploads\/2024\/03\/edelstein-duftkerze-4_74c574b1-eb61-46a0-b118-07ff7dc3d64c_1200x.jpg.webp 1200w\" sizes=\"(max-width: 450px) 100vw, 450px\" \/><\/div>\n\t\t\t\t\t<div class=\"wc-block-grid__product-title\">Bougie parfum\u00e9e | Pierres pr\u00e9cieuses<\/div>\n\t\t\t\t<\/a>\n\t\t\t\t<div class=\"wc-block-grid__product-price price\"><span class=\"woocommerce-Price-amount amount\"><span class=\"woocommerce-Price-currencySymbol\">&#036;<\/span>44.00<\/span><\/div>\n\t\t\t\t\n\t\t\t\t<div class=\"wp-block-button wc-block-grid__product-add-to-cart\"><a href=\"https:\/\/yoganest.vaniseo.pro\/index.php\/product\/bougie-parfumee-avec-pierres-precieuses\/\" aria-label=\"S\u00e9lectionner les options pour &ldquo;Bougie parfum\u00e9e | Pierres pr\u00e9cieuses&rdquo;\" data-quantity=\"1\" data-product_id=\"2562\" data-product_sku=\"\" data-price=\"44\" rel=\"nofollow\" class=\"wp-block-button__link wp-element-button add_to_cart_button\">Choix des options<\/a><\/div>\n\t\t\t<\/li><li class=\"wc-block-grid__product\">\n\t\t\t\t<a href=\"https:\/\/yoganest.vaniseo.pro\/index.php\/product\/spray-tapis-de-yoga-ambiance\/\" class=\"wc-block-grid__product-link\">\n\t\t\t\t\t\n\t\t\t\t\t<div class=\"wc-block-grid__product-image\"><img loading=\"lazy\" decoding=\"async\" width=\"450\" height=\"450\" src=\"https:\/\/yoganest.vaniseo.pro\/wp-content\/uploads\/2024\/03\/yogamatten-spray-serenity-450x450.jpg\" class=\"attachment-woocommerce_thumbnail size-woocommerce_thumbnail\" alt=\"Spray | Tapis de yoga &amp; ambiance\" srcset=\"https:\/\/yoganest.vaniseo.pro\/wp-content\/uploads\/2024\/03\/yogamatten-spray-serenity-450x450.jpg 450w, https:\/\/yoganest.vaniseo.pro\/wp-content\/uploads\/2024\/03\/yogamatten-spray-serenity-300x300.jpg 300w, https:\/\/yoganest.vaniseo.pro\/wp-content\/uploads\/2024\/03\/yogamatten-spray-serenity-1024x1024.jpg 1024w, https:\/\/yoganest.vaniseo.pro\/wp-content\/uploads\/2024\/03\/yogamatten-spray-serenity-150x150.jpg 150w, https:\/\/yoganest.vaniseo.pro\/wp-content\/uploads\/2024\/03\/yogamatten-spray-serenity-768x768.jpg 768w, https:\/\/yoganest.vaniseo.pro\/wp-content\/uploads\/2024\/03\/yogamatten-spray-serenity-1536x1536.jpg 1536w, https:\/\/yoganest.vaniseo.pro\/wp-content\/uploads\/2024\/03\/yogamatten-spray-serenity-2048x2048.jpg 2048w, https:\/\/yoganest.vaniseo.pro\/wp-content\/uploads\/2024\/03\/yogamatten-spray-serenity-600x600.jpg 600w, https:\/\/yoganest.vaniseo.pro\/wp-content\/uploads\/2024\/03\/yogamatten-spray-serenity-100x100.jpg 100w\" sizes=\"(max-width: 450px) 100vw, 450px\" \/><\/div>\n\t\t\t\t\t<div class=\"wc-block-grid__product-title\">Spray | Tapis de yoga &amp; ambiance<\/div>\n\t\t\t\t<\/a>\n\t\t\t\t<div class=\"wc-block-grid__product-price price\"><span class=\"woocommerce-Price-amount amount\"><span class=\"woocommerce-Price-currencySymbol\">&#036;<\/span>22.00<\/span> &ndash; <span class=\"woocommerce-Price-amount amount\"><span class=\"woocommerce-Price-currencySymbol\">&#036;<\/span>60.00<\/span><\/div>\n\t\t\t\t\n\t\t\t\t<div class=\"wp-block-button wc-block-grid__product-add-to-cart\"><a href=\"https:\/\/yoganest.vaniseo.pro\/index.php\/product\/spray-tapis-de-yoga-ambiance\/\" aria-label=\"S\u00e9lectionner les options pour &ldquo;Spray | Tapis de yoga &amp; ambiance&rdquo;\" data-quantity=\"1\" data-product_id=\"2542\" data-product_sku=\"\" data-price=\"22\" rel=\"nofollow\" class=\"wp-block-button__link wp-element-button add_to_cart_button\">Choix des options<\/a><\/div>\n\t\t\t<\/li><\/ul><\/div><\/div><\/div>","protected":false},"excerpt":{"rendered":"","protected":false},"author":1,"featured_media":0,"parent":0,"menu_order":0,"comment_status":"closed","ping_status":"closed","template":"","meta":{"footnotes":""},"_links":{"self":[{"href":"https:\/\/yoganest.vaniseo.pro\/index.php\/wp-json\/wp\/v2\/pages\/7"}],"collection":[{"href":"https:\/\/yoganest.vaniseo.pro\/index.php\/wp-json\/wp\/v2\/pages"}],"about":[{"href":"https:\/\/yoganest.vaniseo.pro\/index.php\/wp-json\/wp\/v2\/types\/page"}],"author":[{"embeddable":true,"href":"https:\/\/yoganest.vaniseo.pro\/index.php\/wp-json\/wp\/v2\/users\/1"}],"replies":[{"embeddable":true,"href":"https:\/\/yoganest.vaniseo.pro\/index.php\/wp-json\/wp\/v2\/comments?post=7"}],"version-history":[{"count":0,"href":"https:\/\/yoganest.vaniseo.pro\/index.php\/wp-json\/wp\/v2\/pages\/7\/revisions"}],"wp:attachment":[{"href":"https:\/\/yoganest.vaniseo.pro\/index.php\/wp-json\/wp\/v2\/media?parent=7"}],"curies":[{"name":"wp","href":"https:\/\/api.w.org\/{rel}","templated":true}]}}